{"id":28,"date":"2019-07-25T06:16:13","date_gmt":"2019-07-25T04:16:13","guid":{"rendered":"https:\/\/www.neznamo.cz\/genealogie\/?page_id=28"},"modified":"2021-05-09T00:22:24","modified_gmt":"2021-05-08T22:22:24","slug":"o-webu","status":"publish","type":"page","link":"https:\/\/www.neznamo.cz\/genealogie\/o-webu\/","title":{"rendered":"O webu"},"content":{"rendered":"<p>Tyto str\u00e1nky mi slou\u017e\u00ed jako pomocn\u00edk p\u0159i&nbsp;hled\u00e1n\u00ed osud\u016f p\u0159edk\u016f. Je pro m\u011b toti\u017e praktick\u00e9 m\u00edt takto snadno dostupn\u00e9 odkazy na&nbsp;str\u00e1nky, kter\u00e9 ne moc \u010dasto vyu\u017e\u00edv\u00e1m, a&nbsp;p\u0159\u00edpadn\u011b i&nbsp;r\u016fzn\u00e9 pozn\u00e1mky a&nbsp;praktick\u00e9 informace. To, samoz\u0159ejm\u011b, z\u00e1rove\u0148 znamen\u00e1, \u017ee tyto str\u00e1nky m\u016f\u017ee vid\u011bt a&nbsp;vyu\u017e\u00edvat kdokoli. P\u0159idala jsem proto i&nbsp;z\u00e1kladn\u00ed odkazy, kter\u00e9 pou\u017e\u00edv\u00e1m t\u00e9m\u011b\u0159 denn\u011b. Zn\u00e1te-li n\u011bjak\u00e9 praktick\u00e9 str\u00e1nky, kter\u00e9 zde chyb\u00ed, budu r\u00e1da, <a href=\"https:\/\/www.neznamo.cz\/genealogie\/odkazy\/\">po\u0161lete-li mi na&nbsp;n\u011b odkaz<\/a>. D\u011bkuji.<br \/>\n<em>Monika<\/em><\/p>\n<h2>Rozsah p\u00e1tr\u00e1n\u00ed<\/h2>\n<p>Rozsah m\u00e9ho p\u00e1tr\u00e1n\u00ed po&nbsp;p\u0159edc\u00edch v&nbsp;<strong>\u010cech\u00e1ch<\/strong> by se dal velmi zhruba vymezit p\u016flkruhem p\u0159ibli\u017en\u011b 50 a\u017e 60 kilometr\u016f na&nbsp;z\u00e1pad od&nbsp;hranic Prahy, ohrani\u010den\u00fdm na&nbsp;jihu Berounkou a&nbsp;na&nbsp;severu Jizerou.<\/p>\n<p>V <strong>Hali\u010di<\/strong> zat\u00edm p\u00e1tr\u00e1m v&nbsp;oblasti asi do&nbsp;30 kilometr\u016f na&nbsp;jihov\u00fdchod od&nbsp;polsk\u00e9ho m\u011bsta <a href=\"https:\/\/cs.wikipedia.org\/wiki\/%C5%98e%C5%A1ov\" rel=\"noopener noreferrer\" target=\"_blank\">\u0158e\u0161ov<\/a> (Rzesz\u00f3w), tedy v&nbsp;podh\u016f\u0159\u00ed Karpat. Dal\u0161\u00edm m\u00edstem, kde zat\u00edm \u010dek\u00e1m na&nbsp;mo\u017enost &#8222;odp\u00edchnout se&#8220;, je m\u011bsto <a href=\"https:\/\/cs.wikipedia.org\/wiki\/Lvov\" rel=\"noopener noreferrer\" target=\"_blank\">Lvov<\/a> (Lw\u00f3w), kter\u00e9 nyn\u00ed pat\u0159\u00ed Ukrajin\u011b. Odtamtud bych z\u0159ejm\u011b m\u011bla b\u011bhem jedn\u00e9 generace zam\u00ed\u0159it nezn\u00e1mo kam. <\/p>\n<h2>Licence<\/h2>\n<p>Ve\u0161ker\u00e9 materi\u00e1ly jsou chr\u00e1n\u011bny podle <a href=\"https:\/\/www.zakonyprolidi.cz\/cs\/2000-121\" rel=\"noopener\" target=\"_blank\">autorsk\u00e9ho z\u00e1kona<\/a>. <strong>\u017d\u00e1dn\u00e1 \u010d\u00e1st webu nesm\u00ed b\u00fdt u\u017eita<\/strong>  (\u00a7 12 autorsk\u00e9ho z\u00e1kona) <strong>bez souhlasu autorky.<\/strong> <\/p>\n<p>V\u00fdjimku ze&nbsp;z\u00e1kazu u\u017eit\u00ed obsahu webu tvo\u0159\u00ed pouze p\u0159\u00edpady uveden\u00e9 <a href=\"https:\/\/www.zakonyprolidi.cz\/cs\/2000-121#cast1-hlava1-dil4-oddil2\" rel=\"noopener\" target=\"_blank\">v odd\u00edlu 2 autorsk\u00e9ho z\u00e1kona<\/a>, p\u0159edev\u0161\u00edm kr\u00e1tk\u00e9 citace podle \u00a7 31 nebo pou\u017eit\u00ed pro svou osobn\u00ed pot\u0159ebu podle \u00a7 30.<\/p>\n<p>To znamen\u00e1, \u017ee z&nbsp;materi\u00e1l\u016f, kter\u00e9 jsou zve\u0159ejn\u011bny na&nbsp;tomto webu, je mo\u017en\u00e9 citovat p\u0159im\u011b\u0159en\u011b mal\u00e9 \u010d\u00e1sti v&nbsp;\u010dl\u00e1nc\u00edch, v&nbsp;knih\u00e1ch nebo i&nbsp;na&nbsp;webech, nikoli v\u0161ak cel\u00e9 odstavce nebo dokonce cel\u00e9 \u010dl\u00e1nky.<\/p>\n<p>M\u016f\u017eete tak\u00e9 pou\u017e\u00edt n\u011bjak\u00fd materi\u00e1l z&nbsp;tohoto webu do&nbsp;rodinn\u00e9 kroniky, kter\u00e1 bude slou\u017eit pouze v\u00e1m a&nbsp;va\u0161\u00ed rodin\u011b (nebudete ji distribuovat za&nbsp;\u00faplatu \u010di&nbsp;zdarma p\u0159edem nezn\u00e1m\u00e9mu okruhu p\u0159\u00edjemc\u016f).<br \/>\n<br \/>&nbsp;<br \/>\nV&nbsp;p\u0159\u00edpadech, kter\u00e9 tvo\u0159\u00ed v\u00fdjimku ze&nbsp;z\u00e1kazu u\u017eit\u00ed, <strong>pros\u00edm o&nbsp;uveden\u00ed zdroje takto<\/strong> (nen\u00ed-li u&nbsp;konkr\u00e9tn\u00edho \u010dl\u00e1nku uveden jin\u00fd form\u00e1t):<\/p>\n<hr \/>\n<p><em>Genealogie, aby z&nbsp;nezn\u00e1m\u00e9ho bylo zn\u00e1m\u00e9<\/em> [online]. Monika Aulick\u00e1 \u00a92021 [cit. 9.3.2021]. Dostupn\u00e9 z: https:\/\/www.neznamo.cz\/genealogie\/<\/p>\n<p>p\u0159i\u010dem\u017e v&nbsp;tomto textu:<br \/>\n\u00a92021 &#8211; uve\u010fte v\u017edy rok, v&nbsp;n\u011bm\u017e jste \u010derpali z&nbsp;m\u00e9ho webu,<br \/>\n[cit. 9.3.2021] &#8211; uve\u010fte p\u0159esn\u00e9 datum, kdy jste \u010derpali z&nbsp;m\u00e9ho webu.<\/p>\n<hr \/>\n<p><strong>D\u011bkuji, \u017ee to respektujete.<\/strong><\/p>\n<h2>Framing (tak\u00e9 inline linking \u010di&nbsp;embeding)<\/h2>\n<p>Vzhledem k&nbsp;nov\u00fdm okolnostem (<a href=\"https:\/\/curia.europa.eu\/jcms\/upload\/docs\/application\/pdf\/2021-03\/cp210036cs.pdf\" rel=\"noopener\" target=\"_blank\">rozhodnut\u00ed Soudn\u00edho dvora Evropsk\u00e9 unie<\/a>) v\u00fdslovn\u011b uv\u00e1d\u00edm:<br \/>\n<strong>Nesouhlas\u00edm s&nbsp;t\u00edm, aby tento m\u016fj web nebo jak\u00e1koli jeho \u010d\u00e1st byly sd\u011blov\u00e1ny ve\u0159ejnosti prost\u0159ednictv\u00edm framingu (tak\u00e9 inline linking \u010di&nbsp;embeding).<\/strong><\/p>\n<p><strong>D\u011bkuji, \u017ee to respektujete.<\/strong><br \/>\n<br \/>&nbsp;<br \/>\n<br \/>\nPozn\u00e1mka ke&nbsp;zdroj\u016fm m\u00e9di\u00ed<br \/>\nVkl\u00e1d\u00e1m-li n\u011bjak\u00e1 m\u00e9dia, p\u0159id\u00e1v\u00e1m k&nbsp;nim informaci o&nbsp;zdroji a&nbsp;licenci (obvykle jde o&nbsp;n\u011bjak\u00fd typ &#8222;voln\u00e9&#8220; licence). Obr\u00e1zky, kter\u00e9 nemaj\u00ed uveden zdroj ani autora (v\u011bt\u0161inou pouze dopl\u0148uj\u00ed vzhled nebo nasti\u0148uj\u00ed obsah \u010dl\u00e1nku), poch\u00e1zej\u00ed z&nbsp;<a href=\"https:\/\/pixabay.com\/cs\/\" rel=\"noopener noreferrer\" target=\"_blank\">Pixabay<\/a> a&nbsp;maj\u00ed licenci k&nbsp;bezplatn\u00e9mu nekomer\u010dn\u00edmu i&nbsp;komer\u010dn\u00edmu u\u017eit\u00ed, a&nbsp;to i&nbsp;bez uveden\u00ed autora. <\/p>\n","protected":false},"excerpt":{"rendered":"<p>Tyto str\u00e1nky mi slou\u017e\u00ed jako pomocn\u00edk p\u0159i&nbsp;hled\u00e1n\u00ed osud\u016f p\u0159edk\u016f. Je pro m\u011b toti\u017e praktick\u00e9 m\u00edt takto snadno dostupn\u00e9 odkazy na&nbsp;str\u00e1nky, kter\u00e9 ne moc \u010dasto vyu\u017e\u00edv\u00e1m, a&nbsp;p\u0159\u00edpadn\u011b i&nbsp;r\u016fzn\u00e9 pozn\u00e1mky a&nbsp;praktick\u00e9 informace. To, samoz\u0159ejm\u011b, z\u00e1rove\u0148 znamen\u00e1, \u017ee tyto str\u00e1nky m\u016f\u017ee vid\u011bt a&nbsp;vyu\u017e\u00edvat kdokoli. P\u0159idala jsem proto i&nbsp;z\u00e1kladn\u00ed odkazy, kter\u00e9 pou\u017e\u00edv\u00e1m t\u00e9m\u011b\u0159 denn\u011b. Zn\u00e1te-li n\u011bjak\u00e9 praktick\u00e9 str\u00e1nky, kter\u00e9 &hellip; <\/p>\n<p class=\"link-more\"><a href=\"https:\/\/www.neznamo.cz\/genealogie\/o-webu\/\" class=\"more-link\">Pokra\u010dovat ve&nbsp;\u010dten\u00ed<span class=\"screen-reader-text\"> &#8222;O&nbsp;webu&#8220;<\/span><\/a><\/p>\n","protected":false},"author":1,"featured_media":0,"parent":0,"menu_order":0,"comment_status":"closed","ping_status":"closed","template":"","meta":{"footnotes":""},"class_list":["post-28","page","type-page","status-publish","hentry"],"featured_image_urls_v2":{"full":"","thumbnail":"","medium":"","medium_large":"","large":"","1536x1536":"","2048x2048":"","twentyseventeen-featured-image":"","twentyseventeen-thumbnail-avatar":""},"post_excerpt_stackable_v2":"<p>Tyto str\u00e1nky mi slou\u017e\u00ed jako pomocn\u00edk p\u0159i&nbsp;hled\u00e1n\u00ed osud\u016f p\u0159edk\u016f. Je pro m\u011b toti\u017e praktick\u00e9 m\u00edt takto snadno dostupn\u00e9 odkazy na&nbsp;str\u00e1nky, kter\u00e9 ne moc \u010dasto vyu\u017e\u00edv\u00e1m, a&nbsp;p\u0159\u00edpadn\u011b i&nbsp;r\u016fzn\u00e9 pozn\u00e1mky a&nbsp;praktick\u00e9 informace. To, samoz\u0159ejm\u011b, z\u00e1rove\u0148 znamen\u00e1, \u017ee tyto str\u00e1nky m\u016f\u017ee vid\u011bt a&nbsp;vyu\u017e\u00edvat kdokoli. P\u0159idala jsem proto i&nbsp;z\u00e1kladn\u00ed odkazy, kter\u00e9 pou\u017e\u00edv\u00e1m t\u00e9m\u011b\u0159 denn\u011b. Zn\u00e1te-li n\u011bjak\u00e9 praktick\u00e9 str\u00e1nky, kter\u00e9 zde chyb\u00ed, budu r\u00e1da, po\u0161lete-li mi na&nbsp;n\u011b odkaz. D\u011bkuji. Monika Rozsah p\u00e1tr\u00e1n\u00ed Rozsah m\u00e9ho p\u00e1tr\u00e1n\u00ed po&nbsp;p\u0159edc\u00edch v&nbsp;\u010cech\u00e1ch by se dal velmi zhruba vymezit p\u016flkruhem p\u0159ibli\u017en\u011b 50 a\u017e 60 kilometr\u016f na&nbsp;z\u00e1pad od&nbsp;hranic Prahy, ohrani\u010den\u00fdm na&nbsp;jihu Berounkou a&nbsp;na&nbsp;severu Jizerou. V&nbsp;Hali\u010di zat\u00edm p\u00e1tr\u00e1m v&nbsp;oblasti asi do&nbsp;30 kilometr\u016f&hellip;<\/p>\n","category_list_v2":"","author_info_v2":{"name":"Monika","url":"https:\/\/www.neznamo.cz\/genealogie\/author\/monika\/"},"comments_num_v2":"0 comments","_links":{"self":[{"href":"https:\/\/www.neznamo.cz\/genealogie\/wp-json\/wp\/v2\/pages\/28","targetHints":{"allow":["GET"]}}],"collection":[{"href":"https:\/\/www.neznamo.cz\/genealogie\/wp-json\/wp\/v2\/pages"}],"about":[{"href":"https:\/\/www.neznamo.cz\/genealogie\/wp-json\/wp\/v2\/types\/page"}],"author":[{"embeddable":true,"href":"https:\/\/www.neznamo.cz\/genealogie\/wp-json\/wp\/v2\/users\/1"}],"replies":[{"embeddable":true,"href":"https:\/\/www.neznamo.cz\/genealogie\/wp-json\/wp\/v2\/comments?post=28"}],"version-history":[{"count":0,"href":"https:\/\/www.neznamo.cz\/genealogie\/wp-json\/wp\/v2\/pages\/28\/revisions"}],"wp:attachment":[{"href":"https:\/\/www.neznamo.cz\/genealogie\/wp-json\/wp\/v2\/media?parent=28"}],"curies":[{"name":"wp","href":"https:\/\/api.w.org\/{rel}","templated":true}]}}

<p>Tyto stránky mi slouží jako pomocník při&nbsp;hledání osudů předků. Je pro mě totiž praktické mít takto snadno dostupné odkazy na&nbsp;stránky, které ne moc často využívám, a&nbsp;případně i&nbsp;různé poznámky a&nbsp;praktické informace. To, samozřejmě, zároveň znamená, že tyto stránky může vidět a&nbsp;využívat kdokoli. Přidala jsem proto i&nbsp;základní odkazy, které používám téměř denně. Znáte-li nějaké praktické stránky, které zde chybí, budu ráda, <a href="https://www.neznamo.cz/genealogie/odkazy/">pošlete-li mi na&nbsp;ně odkaz</a>. Děkuji.<br />
<em>Monika</em></p>
<h2>Rozsah pátrání</h2>
<p>Rozsah mého pátrání po&nbsp;předcích v&nbsp;<strong>Čechách</strong> by se dal velmi zhruba vymezit půlkruhem přibližně 50 až 60 kilometrů na&nbsp;západ od&nbsp;hranic Prahy, ohraničeným na&nbsp;jihu Berounkou a&nbsp;na&nbsp;severu Jizerou.</p>
<p>V <strong>Haliči</strong> zatím pátrám v&nbsp;oblasti asi do&nbsp;30 kilometrů na&nbsp;jihovýchod od&nbsp;polského města <a href="https://cs.wikipedia.org/wiki/%C5%98e%C5%A1ov" rel="noopener noreferrer" target="_blank">Řešov</a> (Rzeszów), tedy v&nbsp;podhůří Karpat. Dalším místem, kde zatím čekám na&nbsp;možnost &#8222;odpíchnout se&#8220;, je město <a href="https://cs.wikipedia.org/wiki/Lvov" rel="noopener noreferrer" target="_blank">Lvov</a> (Lwów), které nyní patří Ukrajině. Odtamtud bych zřejmě měla během jedné generace zamířit neznámo kam. </p>
<h2>Licence</h2>
<p>Veškeré materiály jsou chráněny podle <a href="https://www.zakonyprolidi.cz/cs/2000-121" rel="noopener" target="_blank">autorského zákona</a>. <strong>Žádná část webu nesmí být užita</strong>  (§ 12 autorského zákona) <strong>bez souhlasu autorky.</strong> </p>
<p>Výjimku ze&nbsp;zákazu užití obsahu webu tvoří pouze případy uvedené <a href="https://www.zakonyprolidi.cz/cs/2000-121#cast1-hlava1-dil4-oddil2" rel="noopener" target="_blank">v oddílu 2 autorského zákona</a>, především krátké citace podle § 31 nebo použití pro svou osobní potřebu podle § 30.</p>
<p>To znamená, že z&nbsp;materiálů, které jsou zveřejněny na&nbsp;tomto webu, je možné citovat přiměřeně malé části v&nbsp;článcích, v&nbsp;knihách nebo i&nbsp;na&nbsp;webech, nikoli však celé odstavce nebo dokonce celé články.</p>
<p>Můžete také použít nějaký materiál z&nbsp;tohoto webu do&nbsp;rodinné kroniky, která bude sloužit pouze vám a&nbsp;vaší rodině (nebudete ji distribuovat za&nbsp;úplatu či&nbsp;zdarma předem neznámému okruhu příjemců).<br />
<br />&nbsp;<br />
V&nbsp;případech, které tvoří výjimku ze&nbsp;zákazu užití, <strong>prosím o&nbsp;uvedení zdroje takto</strong> (není-li u&nbsp;konkrétního článku uveden jiný formát):</p>
<hr />
<p><em>Genealogie, aby z&nbsp;neznámého bylo známé</em> [online]. Monika Aulická ©2021 [cit. 9.3.2021]. Dostupné z: https://www.neznamo.cz/genealogie/</p>
<p>přičemž v&nbsp;tomto textu:<br />
©2021 &#8211; uveďte vždy rok, v&nbsp;němž jste čerpali z&nbsp;mého webu,<br />
[cit. 9.3.2021] &#8211; uveďte přesné datum, kdy jste čerpali z&nbsp;mého webu.</p>
<hr />
<p><strong>Děkuji, že to respektujete.</strong></p>
<h2>Framing (také inline linking či&nbsp;embeding)</h2>
<p>Vzhledem k&nbsp;novým okolnostem (<a href="https://curia.europa.eu/jcms/upload/docs/application/pdf/2021-03/cp210036cs.pdf" rel="noopener" target="_blank">rozhodnutí Soudního dvora Evropské unie</a>) výslovně uvádím:<br />
<strong>Nesouhlasím s&nbsp;tím, aby tento můj web nebo jakákoli jeho část byly sdělovány veřejnosti prostřednictvím framingu (také inline linking či&nbsp;embeding).</strong></p>
<p><strong>Děkuji, že to respektujete.</strong><br />
<br />&nbsp;<br />
<br />
Poznámka ke&nbsp;zdrojům médií<br />
Vkládám-li nějaká média, přidávám k&nbsp;nim informaci o&nbsp;zdroji a&nbsp;licenci (obvykle jde o&nbsp;nějaký typ &#8222;volné&#8220; licence). Obrázky, které nemají uveden zdroj ani autora (většinou pouze doplňují vzhled nebo nastiňují obsah článku), pocházejí z&nbsp;<a href="https://pixabay.com/cs/" rel="noopener noreferrer" target="_blank">Pixabay</a> a&nbsp;mají licenci k&nbsp;bezplatnému nekomerčnímu i&nbsp;komerčnímu užití, a&nbsp;to i&nbsp;bez uvedení autora. </p>

<p>Tyto stránky mi slouží jako pomocník při&nbsp;hledání osudů předků. Je pro mě totiž praktické mít takto snadno dostupné odkazy na&nbsp;stránky, které ne moc často využívám, a&nbsp;případně i&nbsp;různé poznámky a&nbsp;praktické informace. To, samozřejmě, zároveň znamená, že tyto stránky může vidět a&nbsp;využívat kdokoli. Přidala jsem proto i&nbsp;základní odkazy, které používám téměř denně. Znáte-li nějaké praktické stránky, které &hellip; </p>
<p class="link-more"><a href="https://www.neznamo.cz/genealogie/o-webu/" class="more-link">Pokračovat ve&nbsp;čtení<span class="screen-reader-text"> &#8222;O&nbsp;webu&#8220;</span></a></p>

<p>Tyto stránky mi slouží jako pomocník při&nbsp;hledání osudů předků. Je pro mě totiž praktické mít takto snadno dostupné odkazy na&nbsp;stránky, které ne moc často využívám, a&nbsp;případně i&nbsp;různé poznámky a&nbsp;praktické informace. To, samozřejmě, zároveň znamená, že tyto stránky může vidět a&nbsp;využívat kdokoli. Přidala jsem proto i&nbsp;základní odkazy, které používám téměř denně. Znáte-li nějaké praktické stránky, které zde chybí, budu ráda, pošlete-li mi na&nbsp;ně odkaz. Děkuji. Monika Rozsah pátrání Rozsah mého pátrání po&nbsp;předcích v&nbsp;Čechách by se dal velmi zhruba vymezit půlkruhem přibližně 50 až 60 kilometrů na&nbsp;západ od&nbsp;hranic Prahy, ohraničeným na&nbsp;jihu Berounkou a&nbsp;na&nbsp;severu Jizerou. V&nbsp;Haliči zatím pátrám v&nbsp;oblasti asi do&nbsp;30 kilometrů&hellip;</p>
