{"id":2127,"date":"2022-03-17T02:26:10","date_gmt":"2022-03-17T01:26:10","guid":{"rendered":"https:\/\/www.neznamo.cz\/genealogie\/?page_id=2127"},"modified":"2022-03-17T02:35:14","modified_gmt":"2022-03-17T01:35:14","slug":"hledam-aulicky","status":"publish","type":"page","link":"https:\/\/www.neznamo.cz\/genealogie\/hledam-prijmeni-osoby-a-udalosti\/hledam-aulicky\/","title":{"rendered":"Hled\u00e1m Aulick\u00fd \/ Oulick\u00fd"},"content":{"rendered":"<p>Pro rodokmen <strong>hled\u00e1m v\u00fdskyt p\u0159\u00edjmen\u00ed Aulick\u00fd \/ Oulick\u00fd<\/strong> kdykoli a&nbsp;kdekoli mimo Kon\u011btopy (Pn\u011btluky, Louny), Solopysky (Domou\u0161ice, Louny) a&nbsp;Vrbno nad Lesy (Louny).<\/p>\n<p>Velmi m\u011b tak\u00e9 zaj\u00edm\u00e1 v\u00fdskyt p\u0159\u00edjmen\u00ed v&nbsp;17.&nbsp;stolet\u00ed. Z&nbsp;gener\u00e1ln\u00edho rejst\u0159\u00edku k&nbsp;bern\u00ed rule je vypsan\u00e9 m\u00e1m. Pro jistotu dod\u00e1v\u00e1m, \u017ee vladykov\u00e9 \u00dali\u010dt\u00ed z&nbsp;\u00dalic a&nbsp;Ple\u0161nic s&nbsp;n\u00e1mi nemaj\u00ed nic spole\u010dn\u00e9ho (vym\u0159eli po&nbsp;me\u010di je\u0161t\u011b v&nbsp;17.&nbsp;stolet\u00ed).<\/p>\n<p>Aktualizace: 17.&nbsp;3.&nbsp;2022<\/p>\n<p>Naraz\u00edte-li n\u011bkde na&nbsp;n\u011b, budu moc vd\u011b\u010dn\u00e1, d\u00e1te-li mi v\u011bd\u011bt bu\u010f zde v&nbsp;koment\u00e1\u0159i nebo pomoc\u00ed <a href=\"https:\/\/www.neznamo.cz\/genealogie\/kontakt\/\">kontaktn\u00edho formul\u00e1\u0159e<\/a>. D\u011bkuji.<\/p>\n<p>Str\u00e1nka s&nbsp;ji\u017e nalezen\u00fdmi p\u0159edky: <a href=\"https:\/\/www.neznamo.cz\/genealogie\/predkove-prijmeni\/#aulicky\">P\u0159\u00edjmen\u00ed m\u00fdch p\u0159edk\u016f &#8211; Aulick\u00fd<\/a><\/p>\n<p>Dal\u0161\u00ed <a href=\"https:\/\/www.neznamo.cz\/genealogie\/hledam-prijmeni-osoby-a-udalosti\/\">hledan\u00e1 p\u0159\u00edjmen\u00ed, konkr\u00e9tn\u00ed osoby a&nbsp;konkr\u00e9tn\u00ed ud\u00e1losti<\/a><\/p>\n","protected":false},"excerpt":{"rendered":"<p>Pro rodokmen hled\u00e1m v\u00fdskyt p\u0159\u00edjmen\u00ed Aulick\u00fd \/ Oulick\u00fd kdykoli a&nbsp;kdekoli mimo Kon\u011btopy (Pn\u011btluky, Louny), Solopysky (Domou\u0161ice, Louny) a&nbsp;Vrbno nad Lesy (Louny). Velmi m\u011b tak\u00e9 zaj\u00edm\u00e1 v\u00fdskyt p\u0159\u00edjmen\u00ed v&nbsp;17.&nbsp;stolet\u00ed. Z&nbsp;gener\u00e1ln\u00edho rejst\u0159\u00edku k&nbsp;bern\u00ed rule je vypsan\u00e9 m\u00e1m. Pro jistotu dod\u00e1v\u00e1m, \u017ee vladykov\u00e9 \u00dali\u010dt\u00ed z&nbsp;\u00dalic a&nbsp;Ple\u0161nic s&nbsp;n\u00e1mi nemaj\u00ed nic spole\u010dn\u00e9ho (vym\u0159eli po&nbsp;me\u010di je\u0161t\u011b v&nbsp;17.&nbsp;stolet\u00ed). Aktualizace: 17.&nbsp;3.&nbsp;2022 Naraz\u00edte-li n\u011bkde &hellip; <\/p>\n<p class=\"link-more\"><a href=\"https:\/\/www.neznamo.cz\/genealogie\/hledam-prijmeni-osoby-a-udalosti\/hledam-aulicky\/\" class=\"more-link\">Pokra\u010dovat ve&nbsp;\u010dten\u00ed<span class=\"screen-reader-text\"> &#8222;Hled\u00e1m Aulick\u00fd \/ Oulick\u00fd&#8220;<\/span><\/a><\/p>\n","protected":false},"author":1,"featured_media":0,"parent":2125,"menu_order":0,"comment_status":"open","ping_status":"closed","template":"","meta":{"footnotes":""},"class_list":["post-2127","page","type-page","status-publish","hentry"],"featured_image_urls_v2":{"full":"","thumbnail":"","medium":"","medium_large":"","large":"","1536x1536":"","2048x2048":"","twentyseventeen-featured-image":"","twentyseventeen-thumbnail-avatar":""},"post_excerpt_stackable_v2":"<p>Pro rodokmen hled\u00e1m v\u00fdskyt p\u0159\u00edjmen\u00ed Aulick\u00fd \/ Oulick\u00fd kdykoli a&nbsp;kdekoli mimo Kon\u011btopy (Pn\u011btluky, Louny), Solopysky (Domou\u0161ice, Louny) a&nbsp;Vrbno nad Lesy (Louny). Velmi m\u011b tak\u00e9 zaj\u00edm\u00e1 v\u00fdskyt p\u0159\u00edjmen\u00ed v&nbsp;17.&nbsp;stolet\u00ed. Z&nbsp;gener\u00e1ln\u00edho rejst\u0159\u00edku k&nbsp;bern\u00ed rule je vypsan\u00e9 m\u00e1m. Pro jistotu dod\u00e1v\u00e1m, \u017ee vladykov\u00e9 \u00dali\u010dt\u00ed z&nbsp;\u00dalic a&nbsp;Ple\u0161nic s&nbsp;n\u00e1mi nemaj\u00ed nic spole\u010dn\u00e9ho (vym\u0159eli po&nbsp;me\u010di je\u0161t\u011b v&nbsp;17.&nbsp;stolet\u00ed). Aktualizace: 17.&nbsp;3.&nbsp;2022 Naraz\u00edte-li n\u011bkde na&nbsp;n\u011b, budu moc vd\u011b\u010dn\u00e1, d\u00e1te-li mi v\u011bd\u011bt bu\u010f zde v&nbsp;koment\u00e1\u0159i nebo pomoc\u00ed kontaktn\u00edho formul\u00e1\u0159e. D\u011bkuji. Str\u00e1nka s&nbsp;ji\u017e nalezen\u00fdmi p\u0159edky: P\u0159\u00edjmen\u00ed m\u00fdch p\u0159edk\u016f &#8211; Aulick\u00fd Dal\u0161\u00ed hledan\u00e1 p\u0159\u00edjmen\u00ed, konkr\u00e9tn\u00ed osoby a&nbsp;konkr\u00e9tn\u00ed ud\u00e1losti<\/p>\n","category_list_v2":"","author_info_v2":{"name":"Monika","url":"https:\/\/www.neznamo.cz\/genealogie\/author\/monika\/"},"comments_num_v2":"0 comments","_links":{"self":[{"href":"https:\/\/www.neznamo.cz\/genealogie\/wp-json\/wp\/v2\/pages\/2127","targetHints":{"allow":["GET"]}}],"collection":[{"href":"https:\/\/www.neznamo.cz\/genealogie\/wp-json\/wp\/v2\/pages"}],"about":[{"href":"https:\/\/www.neznamo.cz\/genealogie\/wp-json\/wp\/v2\/types\/page"}],"author":[{"embeddable":true,"href":"https:\/\/www.neznamo.cz\/genealogie\/wp-json\/wp\/v2\/users\/1"}],"replies":[{"embeddable":true,"href":"https:\/\/www.neznamo.cz\/genealogie\/wp-json\/wp\/v2\/comments?post=2127"}],"version-history":[{"count":0,"href":"https:\/\/www.neznamo.cz\/genealogie\/wp-json\/wp\/v2\/pages\/2127\/revisions"}],"up":[{"embeddable":true,"href":"https:\/\/www.neznamo.cz\/genealogie\/wp-json\/wp\/v2\/pages\/2125"}],"wp:attachment":[{"href":"https:\/\/www.neznamo.cz\/genealogie\/wp-json\/wp\/v2\/media?parent=2127"}],"curies":[{"name":"wp","href":"https:\/\/api.w.org\/{rel}","templated":true}]}}

Hledám Aulický / Oulický

<p>Pro rodokmen <strong>hledám výskyt příjmení Aulický / Oulický</strong> kdykoli a&nbsp;kdekoli mimo Konětopy (Pnětluky, Louny), Solopysky (Domoušice, Louny) a&nbsp;Vrbno nad Lesy (Louny).</p>
<p>Velmi mě také zajímá výskyt příjmení v&nbsp;17.&nbsp;století. Z&nbsp;generálního rejstříku k&nbsp;berní rule je vypsané mám. Pro jistotu dodávám, že vladykové Úličtí z&nbsp;Úlic a&nbsp;Plešnic s&nbsp;námi nemají nic společného (vymřeli po&nbsp;meči ještě v&nbsp;17.&nbsp;století).</p>
<p>Aktualizace: 17.&nbsp;3.&nbsp;2022</p>
<p>Narazíte-li někde na&nbsp;ně, budu moc vděčná, dáte-li mi vědět buď zde v&nbsp;komentáři nebo pomocí <a href="https://www.neznamo.cz/genealogie/kontakt/">kontaktního formuláře</a>. Děkuji.</p>
<p>Stránka s&nbsp;již nalezenými předky: <a href="https://www.neznamo.cz/genealogie/predkove-prijmeni/#aulicky">Příjmení mých předků &#8211; Aulický</a></p>
<p>Další <a href="https://www.neznamo.cz/genealogie/hledam-prijmeni-osoby-a-udalosti/">hledaná příjmení, konkrétní osoby a&nbsp;konkrétní události</a></p>

<p>Pro rodokmen hledám výskyt příjmení Aulický / Oulický kdykoli a&nbsp;kdekoli mimo Konětopy (Pnětluky, Louny), Solopysky (Domoušice, Louny) a&nbsp;Vrbno nad Lesy (Louny). Velmi mě také zajímá výskyt příjmení v&nbsp;17.&nbsp;století. Z&nbsp;generálního rejstříku k&nbsp;berní rule je vypsané mám. Pro jistotu dodávám, že vladykové Úličtí z&nbsp;Úlic a&nbsp;Plešnic s&nbsp;námi nemají nic společného (vymřeli po&nbsp;meči ještě v&nbsp;17.&nbsp;století). Aktualizace: 17.&nbsp;3.&nbsp;2022 Narazíte-li někde &hellip; </p>
<p class="link-more"><a href="https://www.neznamo.cz/genealogie/hledam-prijmeni-osoby-a-udalosti/hledam-aulicky/" class="more-link">Pokračovat ve&nbsp;čtení<span class="screen-reader-text"> &#8222;Hledám Aulický / Oulický&#8220;</span></a></p>

<p>Pro rodokmen hledám výskyt příjmení Aulický / Oulický kdykoli a&nbsp;kdekoli mimo Konětopy (Pnětluky, Louny), Solopysky (Domoušice, Louny) a&nbsp;Vrbno nad Lesy (Louny). Velmi mě také zajímá výskyt příjmení v&nbsp;17.&nbsp;století. Z&nbsp;generálního rejstříku k&nbsp;berní rule je vypsané mám. Pro jistotu dodávám, že vladykové Úličtí z&nbsp;Úlic a&nbsp;Plešnic s&nbsp;námi nemají nic společného (vymřeli po&nbsp;meči ještě v&nbsp;17.&nbsp;století). Aktualizace: 17.&nbsp;3.&nbsp;2022 Narazíte-li někde na&nbsp;ně, budu moc vděčná, dáte-li mi vědět buď zde v&nbsp;komentáři nebo pomocí kontaktního formuláře. Děkuji. Stránka s&nbsp;již nalezenými předky: Příjmení mých předků &#8211; Aulický Další hledaná příjmení, konkrétní osoby a&nbsp;konkrétní události</p>
