{"id":2125,"date":"2022-03-17T01:56:04","date_gmt":"2022-03-17T00:56:04","guid":{"rendered":"https:\/\/www.neznamo.cz\/genealogie\/?page_id=2125"},"modified":"2022-08-01T19:24:50","modified_gmt":"2022-08-01T17:24:50","slug":"hledam-prijmeni-osoby-a-udalosti","status":"publish","type":"page","link":"https:\/\/www.neznamo.cz\/genealogie\/hledam-prijmeni-osoby-a-udalosti\/","title":{"rendered":"Hledan\u00e1 p\u0159\u00edjmen\u00ed, konkr\u00e9tn\u00ed osoby a&nbsp;konkr\u00e9tn\u00ed ud\u00e1losti"},"content":{"rendered":"<p>U n\u011bkter\u00fdch v\u011btv\u00ed m\u00fdch p\u0159edk\u016f, tak, jako v\u011bt\u0161ina z&nbsp;v\u00e1s, ob\u010das naraz\u00edm na&nbsp;p\u0159ek\u00e1\u017eku &#8211; nap\u0159\u00edklad v&nbsp;podob\u011b svatby bez uveden\u00ed jm\u00e9na otce nebo se v&nbsp;obci n\u00e1hle objevili nezn\u00e1mo odkud apod. N\u011bkdy nepom\u00e1h\u00e1 ani jin\u00e1 evidence (nap\u0159.&nbsp;soupisy poddan\u00fdch na&nbsp;panstv\u00ed) nebo zat\u00edm tato evidence nen\u00ed k&nbsp;dispozici online. Rozhodla jsem se proto zde postupn\u011b zve\u0159ej\u0148ovat podrobnosti k&nbsp;t\u011bm osob\u00e1m, kter\u00e9 hled\u00e1m. <\/p>\n<p>T\u0159eba je n\u011bkdo m\u00e1te mezi p\u0159edky a&nbsp;u\u017e jste pokro\u010dili d\u00e1l do&nbsp;historie. T\u0159eba by mohlo j\u00edt o&nbsp;p\u0159\u00edbuzn\u00e9 va\u0161ich p\u0159edk\u016f, na\u0161li jste jejich k\u0159est nebo i&nbsp;svatbu a&nbsp;nev\u00edte, kam se pod\u011bli. T\u0159eba jste je pouze zahl\u00e9dli v&nbsp;matrice. Budu moc vd\u011b\u010dn\u00e1, d\u00e1te-li mi o&nbsp;tom v\u011bd\u011bt bu\u010f na&nbsp;str\u00e1nce s&nbsp;podrobnostmi o&nbsp;hledan\u00fdch osob\u00e1ch nebo pomoc\u00ed <a href=\"https:\/\/www.neznamo.cz\/genealogie\/kontakt\/\">kontaktn\u00edho formul\u00e1\u0159e<\/a>. D\u011bkuji.<\/p>\n<p>Samostatn\u011b zde m\u00e1m str\u00e1nku s&nbsp;<a href=\"https:\/\/www.neznamo.cz\/genealogie\/predkove-prijmeni\/\">p\u0159ehledem m\u00fdch dosud nalezen\u00fdch p\u0159edk\u016f<\/a> a&nbsp;n\u011bkter\u00fdmi podrobnostmi o&nbsp;nich.<\/p>\n<p>Aktualizace: 1.&nbsp;8.&nbsp;2022<\/p>\n<h2 id=\"aulicky\" style=\"font-size:1.6em;line-height:1.6\">Aulick\u00fd \/ Oulick\u00fd<\/h2>\n<p style=\"font-size:1.2em;line-height:1.2\">tak\u00e9 Ulickej<\/p>\n<p>Str\u00e1nka s&nbsp;ji\u017e nalezen\u00fdmi p\u0159edky: <a href=\"https:\/\/www.neznamo.cz\/genealogie\/predkove-prijmeni\/#aulicky\">P\u0159\u00edjmen\u00ed m\u00fdch p\u0159edk\u016f &#8211; Aulick\u00fd<\/a><\/p>\n<p><strong>Hled\u00e1m<\/strong> pro rodokmen v\u00fdskyt p\u0159\u00edjmen\u00ed. Podrobnosti na&nbsp;str\u00e1nce: <a href=\"https:\/\/www.neznamo.cz\/genealogie\/hledam-aulicky\/\">Hled\u00e1m Aulick\u00fd \/ Oulick\u00fd<\/a>.<\/p>\n<h2 id=\"bartipan\" style=\"font-size:1.6em;line-height:1.6\">Ba\u0159tip\u00e1n<\/h2>\n<p style=\"font-size:1.2em;line-height:1.2\">tak\u00e9 Parstupan, Perstupan, Parstipan Marcypan, Ba\u0159\u0161tupan, Bar\u017eta Pan, Bartupan apod.<\/p>\n<p>Str\u00e1nka s&nbsp;ji\u017e nalezen\u00fdmi p\u0159edky: <a href=\"https:\/\/www.neznamo.cz\/genealogie\/predkove-prijmeni\/#bartipan\">P\u0159\u00edjmen\u00ed m\u00fdch p\u0159edk\u016f &#8211; Ba\u0159tip\u00e1n<\/a><\/p>\n<p><strong>Hled\u00e1m<\/strong> pro rodokmen v\u00fdskyt p\u0159\u00edjmen\u00ed kdykoli a&nbsp;kdekoli mimo \u00fazem\u00ed b\u00fdval\u00e9ho panstv\u00ed K\u0159ivokl\u00e1t. Podrobnosti na&nbsp;str\u00e1nce <a href=\"https:\/\/www.neznamo.cz\/genealogie\/hledam-prijmeni-osoby-a-udalosti\/hledam-bartipan\/\">Hled\u00e1m Ba\u0159tip\u00e1n<\/a>.<\/p>\n<h2 id=\"dykast\" style=\"font-size:1.6em;line-height:1.6\">Dykast<\/h2>\n<p style=\"font-size:1.2em;line-height:1.2\">tak\u00e9 Rycht\u00e1\u0159<\/p>\n<p>Str\u00e1nka s&nbsp;ji\u017e nalezen\u00fdmi p\u0159edky: <a href=\"https:\/\/www.neznamo.cz\/genealogie\/predkove-prijmeni\/#dykast\">P\u0159\u00edjmen\u00ed m\u00fdch p\u0159edk\u016f &#8211; Dykast<\/a><\/p>\n<p><strong>Hled\u00e1m<\/strong> pro rodokmen v\u00fdskyt p\u0159\u00edjmen\u00ed kdykoli a&nbsp;kdekoli mimo \u00fazem\u00ed b\u00fdval\u00e9ho panstv\u00ed K\u0159ivokl\u00e1t. Podrobnosti na&nbsp;str\u00e1nce <a href=\"https:\/\/www.neznamo.cz\/genealogie\/hledam-prijmeni-osoby-a-udalosti\/hledam-dykast\/\">Hled\u00e1m Dykast<\/a>.<\/p>\n<h2 id=\"janousek\" style=\"font-size:1.6em;line-height:1.6\">Janou\u0161ek<\/h2>\n<p>Str\u00e1nka s&nbsp;ji\u017e nalezen\u00fdmi p\u0159edky: <a href=\"https:\/\/www.neznamo.cz\/genealogie\/predkove-prijmeni\/#janousek\">P\u0159\u00edjmen\u00ed m\u00fdch p\u0159edk\u016f &#8211; Janou\u0161ek<\/a><\/p>\n<p><strong>Hled\u00e1m<\/strong> svatbu V\u00e1clava Janou\u0161ka s&nbsp;Kate\u0159inou mezi \u010dervnem 1679 a&nbsp;listopadem 1681. Podrobnosti na&nbsp;str\u00e1nce <a href=\"https:\/\/www.neznamo.cz\/genealogie\/hledam-prijmeni-osoby-a-udalosti\/hledam-janousek\/\">Hled\u00e1m Janou\u0161ek<\/a>.<\/p>\n<h2 id=\"niesner\" style=\"font-size:1.6em;line-height:1.6\">Niesner \/ N\u00fdzner<\/h2>\n<p style=\"font-size:1.2em;line-height:1.2\">tak\u00e9 Nizner, Nisner, p\u0159\u00edpadn\u011b i&nbsp;Wiesner, W\u00fdzner<\/p>\n<p>Str\u00e1nka s&nbsp;ji\u017e nalezen\u00fdmi p\u0159edky: <a href=\"https:\/\/www.neznamo.cz\/genealogie\/predkove-prijmeni\/#niesner\">P\u0159\u00edjmen\u00ed m\u00fdch p\u0159edk\u016f &#8211; Niesner \/ N\u00fdzner<\/a><\/p>\n<p><strong>Hled\u00e1m<\/strong> v\u00fdskyt p\u0159\u00edjmen\u00ed v&nbsp;17.&nbsp;stolet\u00ed a&nbsp;na&nbsp;po\u010d\u00e1tku 18.&nbsp;stolet\u00ed, svatbu bedn\u00e1\u0159e V\u00e1clava Niesnera (N\u00fdznera, Nisnera, Niznera, p\u0159\u00edpadn\u011b i&nbsp;Wiesnera \u010di&nbsp;W\u00fdznera) p\u0159ed rokem 1718 (mo\u017en\u00e1 i&nbsp;o&nbsp;mnoho let d\u0159\u00edve) s&nbsp;nezn\u00e1mou \u017eenou, jejich d\u011bti a&nbsp;\u00famrt\u00ed t\u00e9to jeho man\u017eelky. Podrobnosti na&nbsp;str\u00e1nce <a href=\"https:\/\/www.neznamo.cz\/genealogie\/hledam-prijmeni-osoby-a-udalosti\/hledam-niesner\/\">Hled\u00e1m Niesner \/ N\u00fdzner<\/a>.<\/p>\n<h2 id=\"stocek\" style=\"font-size:1.6em;line-height:1.6\">\u0160to\u010dek (Sto\u010dek)<\/h2>\n<p>Str\u00e1nka s&nbsp;ji\u017e nalezen\u00fdmi p\u0159edky: <a href=\"https:\/\/www.neznamo.cz\/genealogie\/predkove-prijmeni\/#stocek\">P\u0159\u00edjmen\u00ed m\u00fdch p\u0159edk\u016f &#8211; \u0160to\u010dek (Sto\u010dek)<\/a><\/p>\n<p><strong>Hled\u00e1m<\/strong> svatbu roku 1701 a&nbsp;d\u0159\u00edv, Maximili\u00e1n \u0160to\u010dek\/Sto\u010dek + Juliana a&nbsp;tak\u00e9 jejich d\u011bti. Podrobnosti na&nbsp;str\u00e1nce <a href=\"https:\/\/www.neznamo.cz\/genealogie\/hledam-prijmeni-osoby-a-udalosti\/hledam-stocek\/\">Hled\u00e1m \u0160to\u010dek (Sto\u010dek)<\/a>.<\/p>\n","protected":false},"excerpt":{"rendered":"<p>U n\u011bkter\u00fdch v\u011btv\u00ed m\u00fdch p\u0159edk\u016f, tak, jako v\u011bt\u0161ina z&nbsp;v\u00e1s, ob\u010das naraz\u00edm na&nbsp;p\u0159ek\u00e1\u017eku &#8211; nap\u0159\u00edklad v&nbsp;podob\u011b svatby bez uveden\u00ed jm\u00e9na otce nebo se v&nbsp;obci n\u00e1hle objevili nezn\u00e1mo odkud apod. N\u011bkdy nepom\u00e1h\u00e1 ani jin\u00e1 evidence (nap\u0159.&nbsp;soupisy poddan\u00fdch na&nbsp;panstv\u00ed) nebo zat\u00edm tato evidence nen\u00ed k&nbsp;dispozici online. Rozhodla jsem se proto zde postupn\u011b zve\u0159ej\u0148ovat podrobnosti k&nbsp;t\u011bm osob\u00e1m, kter\u00e9 hled\u00e1m. &hellip; <\/p>\n<p class=\"link-more\"><a href=\"https:\/\/www.neznamo.cz\/genealogie\/hledam-prijmeni-osoby-a-udalosti\/\" class=\"more-link\">Pokra\u010dovat ve&nbsp;\u010dten\u00ed<span class=\"screen-reader-text\"> &#8222;Hledan\u00e1 p\u0159\u00edjmen\u00ed, konkr\u00e9tn\u00ed osoby a&nbsp;konkr\u00e9tn\u00ed ud\u00e1losti&#8220;<\/span><\/a><\/p>\n","protected":false},"author":1,"featured_media":0,"parent":0,"menu_order":0,"comment_status":"closed","ping_status":"closed","template":"","meta":{"footnotes":""},"class_list":["post-2125","page","type-page","status-publish","hentry"],"featured_image_urls_v2":{"full":"","thumbnail":"","medium":"","medium_large":"","large":"","1536x1536":"","2048x2048":"","twentyseventeen-featured-image":"","twentyseventeen-thumbnail-avatar":""},"post_excerpt_stackable_v2":"<p>U n\u011bkter\u00fdch v\u011btv\u00ed m\u00fdch p\u0159edk\u016f, tak, jako v\u011bt\u0161ina z&nbsp;v\u00e1s, ob\u010das naraz\u00edm na&nbsp;p\u0159ek\u00e1\u017eku &#8211; nap\u0159\u00edklad v&nbsp;podob\u011b svatby bez uveden\u00ed jm\u00e9na otce nebo se v&nbsp;obci n\u00e1hle objevili nezn\u00e1mo odkud apod. N\u011bkdy nepom\u00e1h\u00e1 ani jin\u00e1 evidence (nap\u0159.&nbsp;soupisy poddan\u00fdch na&nbsp;panstv\u00ed) nebo zat\u00edm tato evidence nen\u00ed k&nbsp;dispozici online. Rozhodla jsem se proto zde postupn\u011b zve\u0159ej\u0148ovat podrobnosti k&nbsp;t\u011bm osob\u00e1m, kter\u00e9 hled\u00e1m. T\u0159eba je n\u011bkdo m\u00e1te mezi p\u0159edky a&nbsp;u\u017e jste pokro\u010dili d\u00e1l do&nbsp;historie. T\u0159eba by mohlo j\u00edt o&nbsp;p\u0159\u00edbuzn\u00e9 va\u0161ich p\u0159edk\u016f, na\u0161li jste jejich k\u0159est nebo i&nbsp;svatbu a&nbsp;nev\u00edte, kam se pod\u011bli. T\u0159eba jste je pouze zahl\u00e9dli v&nbsp;matrice. Budu moc vd\u011b\u010dn\u00e1, d\u00e1te-li mi o&nbsp;tom v\u011bd\u011bt bu\u010f na&nbsp;str\u00e1nce s&nbsp;podrobnostmi o&nbsp;hledan\u00fdch&hellip;<\/p>\n","category_list_v2":"","author_info_v2":{"name":"Monika","url":"https:\/\/www.neznamo.cz\/genealogie\/author\/monika\/"},"comments_num_v2":"0 comments","_links":{"self":[{"href":"https:\/\/www.neznamo.cz\/genealogie\/wp-json\/wp\/v2\/pages\/2125","targetHints":{"allow":["GET"]}}],"collection":[{"href":"https:\/\/www.neznamo.cz\/genealogie\/wp-json\/wp\/v2\/pages"}],"about":[{"href":"https:\/\/www.neznamo.cz\/genealogie\/wp-json\/wp\/v2\/types\/page"}],"author":[{"embeddable":true,"href":"https:\/\/www.neznamo.cz\/genealogie\/wp-json\/wp\/v2\/users\/1"}],"replies":[{"embeddable":true,"href":"https:\/\/www.neznamo.cz\/genealogie\/wp-json\/wp\/v2\/comments?post=2125"}],"version-history":[{"count":0,"href":"https:\/\/www.neznamo.cz\/genealogie\/wp-json\/wp\/v2\/pages\/2125\/revisions"}],"wp:attachment":[{"href":"https:\/\/www.neznamo.cz\/genealogie\/wp-json\/wp\/v2\/media?parent=2125"}],"curies":[{"name":"wp","href":"https:\/\/api.w.org\/{rel}","templated":true}]}}

Hledaná příjmení, konkrétní osoby a&nbsp;konkrétní události

<p>U některých větví mých předků, tak, jako většina z&nbsp;vás, občas narazím na&nbsp;překážku &#8211; například v&nbsp;podobě svatby bez uvedení jména otce nebo se v&nbsp;obci náhle objevili neznámo odkud apod. Někdy nepomáhá ani jiná evidence (např.&nbsp;soupisy poddaných na&nbsp;panství) nebo zatím tato evidence není k&nbsp;dispozici online. Rozhodla jsem se proto zde postupně zveřejňovat podrobnosti k&nbsp;těm osobám, které hledám. </p>
<p>Třeba je někdo máte mezi předky a&nbsp;už jste pokročili dál do&nbsp;historie. Třeba by mohlo jít o&nbsp;příbuzné vašich předků, našli jste jejich křest nebo i&nbsp;svatbu a&nbsp;nevíte, kam se poděli. Třeba jste je pouze zahlédli v&nbsp;matrice. Budu moc vděčná, dáte-li mi o&nbsp;tom vědět buď na&nbsp;stránce s&nbsp;podrobnostmi o&nbsp;hledaných osobách nebo pomocí <a href="https://www.neznamo.cz/genealogie/kontakt/">kontaktního formuláře</a>. Děkuji.</p>
<p>Samostatně zde mám stránku s&nbsp;<a href="https://www.neznamo.cz/genealogie/predkove-prijmeni/">přehledem mých dosud nalezených předků</a> a&nbsp;některými podrobnostmi o&nbsp;nich.</p>
<p>Aktualizace: 1.&nbsp;8.&nbsp;2022</p>
<h2 id="aulicky" style="font-size:1.6em;line-height:1.6">Aulický / Oulický</h2>
<p style="font-size:1.2em;line-height:1.2">také Ulickej</p>
<p>Stránka s&nbsp;již nalezenými předky: <a href="https://www.neznamo.cz/genealogie/predkove-prijmeni/#aulicky">Příjmení mých předků &#8211; Aulický</a></p>
<p><strong>Hledám</strong> pro rodokmen výskyt příjmení. Podrobnosti na&nbsp;stránce: <a href="https://www.neznamo.cz/genealogie/hledam-aulicky/">Hledám Aulický / Oulický</a>.</p>
<h2 id="bartipan" style="font-size:1.6em;line-height:1.6">Bařtipán</h2>
<p style="font-size:1.2em;line-height:1.2">také Parstupan, Perstupan, Parstipan Marcypan, Bařštupan, Baržta Pan, Bartupan apod.</p>
<p>Stránka s&nbsp;již nalezenými předky: <a href="https://www.neznamo.cz/genealogie/predkove-prijmeni/#bartipan">Příjmení mých předků &#8211; Bařtipán</a></p>
<p><strong>Hledám</strong> pro rodokmen výskyt příjmení kdykoli a&nbsp;kdekoli mimo území bývalého panství Křivoklát. Podrobnosti na&nbsp;stránce <a href="https://www.neznamo.cz/genealogie/hledam-prijmeni-osoby-a-udalosti/hledam-bartipan/">Hledám Bařtipán</a>.</p>
<h2 id="dykast" style="font-size:1.6em;line-height:1.6">Dykast</h2>
<p style="font-size:1.2em;line-height:1.2">také Rychtář</p>
<p>Stránka s&nbsp;již nalezenými předky: <a href="https://www.neznamo.cz/genealogie/predkove-prijmeni/#dykast">Příjmení mých předků &#8211; Dykast</a></p>
<p><strong>Hledám</strong> pro rodokmen výskyt příjmení kdykoli a&nbsp;kdekoli mimo území bývalého panství Křivoklát. Podrobnosti na&nbsp;stránce <a href="https://www.neznamo.cz/genealogie/hledam-prijmeni-osoby-a-udalosti/hledam-dykast/">Hledám Dykast</a>.</p>
<h2 id="janousek" style="font-size:1.6em;line-height:1.6">Janoušek</h2>
<p>Stránka s&nbsp;již nalezenými předky: <a href="https://www.neznamo.cz/genealogie/predkove-prijmeni/#janousek">Příjmení mých předků &#8211; Janoušek</a></p>
<p><strong>Hledám</strong> svatbu Václava Janouška s&nbsp;Kateřinou mezi červnem 1679 a&nbsp;listopadem 1681. Podrobnosti na&nbsp;stránce <a href="https://www.neznamo.cz/genealogie/hledam-prijmeni-osoby-a-udalosti/hledam-janousek/">Hledám Janoušek</a>.</p>
<h2 id="niesner" style="font-size:1.6em;line-height:1.6">Niesner / Nýzner</h2>
<p style="font-size:1.2em;line-height:1.2">také Nizner, Nisner, případně i&nbsp;Wiesner, Wýzner</p>
<p>Stránka s&nbsp;již nalezenými předky: <a href="https://www.neznamo.cz/genealogie/predkove-prijmeni/#niesner">Příjmení mých předků &#8211; Niesner / Nýzner</a></p>
<p><strong>Hledám</strong> výskyt příjmení v&nbsp;17.&nbsp;století a&nbsp;na&nbsp;počátku 18.&nbsp;století, svatbu bednáře Václava Niesnera (Nýznera, Nisnera, Niznera, případně i&nbsp;Wiesnera či&nbsp;Wýznera) před rokem 1718 (možná i&nbsp;o&nbsp;mnoho let dříve) s&nbsp;neznámou ženou, jejich děti a&nbsp;úmrtí této jeho manželky. Podrobnosti na&nbsp;stránce <a href="https://www.neznamo.cz/genealogie/hledam-prijmeni-osoby-a-udalosti/hledam-niesner/">Hledám Niesner / Nýzner</a>.</p>
<h2 id="stocek" style="font-size:1.6em;line-height:1.6">Štoček (Stoček)</h2>
<p>Stránka s&nbsp;již nalezenými předky: <a href="https://www.neznamo.cz/genealogie/predkove-prijmeni/#stocek">Příjmení mých předků &#8211; Štoček (Stoček)</a></p>
<p><strong>Hledám</strong> svatbu roku 1701 a&nbsp;dřív, Maximilián Štoček/Stoček + Juliana a&nbsp;také jejich děti. Podrobnosti na&nbsp;stránce <a href="https://www.neznamo.cz/genealogie/hledam-prijmeni-osoby-a-udalosti/hledam-stocek/">Hledám Štoček (Stoček)</a>.</p>

<p>U některých větví mých předků, tak, jako většina z&nbsp;vás, občas narazím na&nbsp;překážku &#8211; například v&nbsp;podobě svatby bez uvedení jména otce nebo se v&nbsp;obci náhle objevili neznámo odkud apod. Někdy nepomáhá ani jiná evidence (např.&nbsp;soupisy poddaných na&nbsp;panství) nebo zatím tato evidence není k&nbsp;dispozici online. Rozhodla jsem se proto zde postupně zveřejňovat podrobnosti k&nbsp;těm osobám, které hledám. &hellip; </p>
<p class="link-more"><a href="https://www.neznamo.cz/genealogie/hledam-prijmeni-osoby-a-udalosti/" class="more-link">Pokračovat ve&nbsp;čtení<span class="screen-reader-text"> &#8222;Hledaná příjmení, konkrétní osoby a&nbsp;konkrétní události&#8220;</span></a></p>

<p>U některých větví mých předků, tak, jako většina z&nbsp;vás, občas narazím na&nbsp;překážku &#8211; například v&nbsp;podobě svatby bez uvedení jména otce nebo se v&nbsp;obci náhle objevili neznámo odkud apod. Někdy nepomáhá ani jiná evidence (např.&nbsp;soupisy poddaných na&nbsp;panství) nebo zatím tato evidence není k&nbsp;dispozici online. Rozhodla jsem se proto zde postupně zveřejňovat podrobnosti k&nbsp;těm osobám, které hledám. Třeba je někdo máte mezi předky a&nbsp;už jste pokročili dál do&nbsp;historie. Třeba by mohlo jít o&nbsp;příbuzné vašich předků, našli jste jejich křest nebo i&nbsp;svatbu a&nbsp;nevíte, kam se poděli. Třeba jste je pouze zahlédli v&nbsp;matrice. Budu moc vděčná, dáte-li mi o&nbsp;tom vědět buď na&nbsp;stránce s&nbsp;podrobnostmi o&nbsp;hledaných&hellip;</p>
