{"id":166,"date":"2019-07-28T00:47:03","date_gmt":"2019-07-27T22:47:03","guid":{"rendered":"https:\/\/www.neznamo.cz\/genealogie\/?page_id=166"},"modified":"2019-07-28T00:47:03","modified_gmt":"2019-07-27T22:47:03","slug":"odkazy-knihovny","status":"publish","type":"page","link":"https:\/\/www.neznamo.cz\/genealogie\/odkazy-knihovny\/","title":{"rendered":"Knihovny"},"content":{"rendered":"<!-- Beginning of Link Library Output --><div id='linklist1' class='linklist'><!-- Div Linklist -->\n<div class=\"LinkLibraryCat LinkLibraryCat8 level0\"><!-- Div Category -->\n\t<ul>\n<li><strong><a href=\"http:\/\/www.digitalniknihovna.cz\/nkp\" id=\"link-169\" class=\"track_this_link  featured\" rel=\"noopener noreferrer nofollow\" target=\"_blank\">Digit\u00e1ln\u00ed knihovna<\/a><\/strong>\n<br \/>V\u00fdborn\u00e9 centrum pro prohl\u00ed\u017een\u00ed digitalizovan\u00fdch materi\u00e1l\u016f (periodick\u00fdch i neperiodick\u00fdch) z mnoha knihoven. Odkaz vede na sb\u00edrky N\u00e1rodn\u00ed knihovny Praha.\n<br \/><em>Aktualizace: 28. 7. 2019, 0:52<\/em><br \/>\u00a0<\/li>\n<li><strong><a href=\"https:\/\/academica.edu.pl\/\" id=\"link-820\" class=\"track_this_link \" rel=\"noopener noreferrer nofollow\" target=\"_blank\">Academica<\/a><\/strong>\n<br \/>Academica udost\u0119pnia zasoby cyfrowe, w tym wsp\u00f3\u0142czesne ksi\u0105\u017cki i czasopisma naukowe ze wszystkich dziedzin wiedzy.\n<br \/><em>Aktualizace: 29. 11. 2019, 18:44<\/em><br \/>\u00a0<\/li>\n<li><strong><a href=\"https:\/\/eknihovna.maxzone.eu\/\" id=\"link-444\" class=\"track_this_link \" rel=\"noopener noreferrer nofollow\" target=\"_blank\">Bohemian Library<\/a><\/strong>\n<br \/>Digit\u00e1ln\u00ed knihovna star\u00e9 \u010desk\u00e9 sp\u00ed\u0161e nau\u010dn\u00e9 literatury. Mnoho zaj\u00edmav\u00e9ho i pro n\u00e1s, genealogy. Lze listovat i st\u00e1hnout jako PDF.\n<br \/><em>Aktualizace: 6. 2. 2021, 12:00<\/em><br \/>\u00a0<\/li>\n<li><strong><a href=\"https:\/\/www.czechdigitallibrary.cz\/cs\/\" id=\"link-947\" class=\"track_this_link \" rel=\"noopener noreferrer nofollow\" target=\"_blank\">\u010cesk\u00e1 digit\u00e1ln\u00ed knihovna<\/a><\/strong>\n<br \/>\u010cesk\u00e1 digit\u00e1ln\u00ed knihovna umo\u017e\u0148uje vyhled\u00e1v\u00e1n\u00ed v dokumentech obsa\u017een\u00fdch v digit\u00e1ln\u00edch knihovn\u00e1ch provozovan\u00fdch jednotliv\u00fdmi knihovnami v \u010cesk\u00e9 republice. C\u00edlem je zaji\u0161t\u011bn\u00ed p\u0159\u00edstupu k digit\u00e1ln\u00edm dokument\u016fm v knihovn\u00e1ch z jednoho m\u00edsta.\n<br \/><em>Aktualizace: 29. 11. 2019, 18:51<\/em><br \/>\u00a0<\/li>\n<li><strong><a href=\"https:\/\/munispace.muni.cz\/library\/catalog\" id=\"link-1455\" class=\"track_this_link \" rel=\"noopener noreferrer nofollow\" target=\"_blank\">\u010c\u00edt\u00e1rna Masarykovy univerzity<\/a><\/strong>\n<br \/>Digit\u00e1ln\u00ed knihovna Masarykovy univerzity obsahuje mnoho knih a \u010dasopis\u016f tak\u00e9 jako e-knihy zdarma (v\u010detn\u011b form\u00e1tu PDF).\n<br \/><em>Aktualizace: 14. 12. 2019, 17:57<\/em><br \/>\u00a0<\/li>\n<li><strong><a href=\"https:\/\/sources.cms.flu.cas.cz\/\" id=\"link-363\" class=\"track_this_link \" rel=\"noopener noreferrer nofollow\" target=\"_blank\">CMS &#8211; Czech medieval sources online<\/a><\/strong>\n<br \/>Centrum medievistick\u00fdch studi\u00ed zve\u0159ejnilo rozs\u00e1lou knihovnu pramen\u016f k pozn\u00e1n\u00ed st\u0159edov\u011bku. Doporu\u010duji p\u0159edev\u0161\u00edm \u0159adu Desky zemsk\u00e9, ale t\u00e9m\u011b\u0159 v\u0161e v knihovn\u011b stoj\u00ed jist\u011b za pozornost. Hod\u00ed se pro studium d\u011bjin obc\u00ed a panstv\u00ed.\n<br \/><em>Aktualizace: 1. 4. 2020, 22:16<\/em><br \/>\u00a0<\/li>\n<li><strong><a href=\"https:\/\/polona.pl\/\" id=\"link-790\" class=\"track_this_link \" rel=\"noopener noreferrer nofollow\" target=\"_blank\">Cyfrowa Biblioteka Narodowa Polona<\/a><\/strong>\n<br \/>Biblioteka cyfrowa oferuj\u0105ca zdigitalizowane teksty literackie, naukowe, dokumenty historyczne, czasopisma, fotografie i inne, kt\u00f3rych orygina\u0142y znajduj\u0105 si\u0119 w Bibliotece Narodowej. M\u00e1 obl\u00edben\u00e1.\n<br \/><em>Aktualizace: 29. 11. 2019, 18:53<\/em><br \/>\u00a0<\/li>\n<li><strong><a href=\"https:\/\/onk.snk.sk\/\" id=\"link-1735\" class=\"track_this_link \" rel=\"noopener noreferrer nofollow\" target=\"_blank\">Digit\u00e1lna kni\u017enica SNK<\/a><\/strong>\n<br \/>Slovensk\u00e1 n\u00e1rodn\u00e1 kni\u017enica u\u017e m\u00e1 tak\u00e9 digit\u00e1ln\u00ed knihovnu a douf\u00e1m, \u017ee se po\u010det titul\u016f bude rychle zvy\u0161ovat. Snad se bude hodit pro hled\u00e1n\u00ed p\u0159edk\u016f na Slovensku.\n<br \/><em>Aktualizace: 26. 11. 2020, 22:07<\/em><br \/>\u00a0<\/li>\n<li><strong><a href=\"https:\/\/digilib.phil.muni.cz\/\" id=\"link-708\" class=\"track_this_link \" rel=\"noopener noreferrer nofollow\" target=\"_blank\">Digit\u00e1ln\u00ed knihovna Filozofick\u00e9 fakulty Masarykovy univerzity<\/a><\/strong>\n<br \/>Digit\u00e1ln\u00ed knihovna poskytuje otev\u0159en\u00fd p\u0159\u00edstup k pln\u00fdm text\u016fm akademick\u00fdch prac\u00ed (\u010dasopis\u016f, monografi\u00ed, sborn\u00edk\u016f) vydan\u00fdch na Filozofick\u00e9 fakult\u011b Masarykovy univerzity Brno.\n<br \/><em>Aktualizace: 10. 8. 2019, 3:02<\/em><br \/>\u00a0<\/li>\n<li><strong><a href=\"https:\/\/digi.law.muni.cz\/\" id=\"link-421\" class=\"track_this_link \" rel=\"noopener noreferrer nofollow\" target=\"_blank\">Digit\u00e1ln\u00ed knihovna Pr\u00e1vnick\u00e9 fakulty MU<\/a><\/strong>\n<br \/>Velmi praktick\u00e9 pro toho, kdo hled\u00e1 dobov\u00e9 sv\u011btsk\u00e9 nebo c\u00edrkevn\u00ed pr\u00e1vo po\u010d\u00ednaje rokem 1801.\n<br \/><em>Aktualizace: 1. 8. 2019, 5:35<\/em><br \/>\u00a0<\/li>\n<li><strong><a href=\"https:\/\/kramerius.army.cz\/search\/\" id=\"link-612\" class=\"track_this_link \" rel=\"noopener noreferrer nofollow\" target=\"_blank\">Digit\u00e1ln\u00ed studovna Ministerstva obrany \u010cesk\u00e9 republiky &#8211; army.cz<\/a><\/strong>\n<br \/>Syst\u00e9mem Kramerius na vlastn\u00edch serverech zve\u0159ejn\u011bn\u00e9 materi\u00e1ly z Vojensk\u00e9ho historick\u00e9ho \u00fastavu Praha a z Vojensk\u00e9ho \u00fast\u0159edn\u00edho archivu \u2013 Vojensk\u00e9ho historick\u00e9ho archivu Praha, v\u010detn\u011b vojensk\u00fdch matrik. Podle m\u011b hled\u00e1 i prohl\u00ed\u017e\u00ed pohodln\u011bji na serveru digitalniknohovna.cz.\n<br \/><em>Aktualizace: 6. 8. 2019, 4:44<\/em><br \/>\u00a0<\/li>\n<li><strong><a href=\"http:\/\/www.digitalniknihovna.cz\/dsmo\" id=\"link-170\" class=\"track_this_link \" rel=\"noopener noreferrer nofollow\" target=\"_blank\">Digit\u00e1ln\u00ed studovna Ministerstva obrany \u010cesk\u00e9 republiky &#8211; digitalniknohovna.cz<\/a><\/strong>\n<br \/>Na serveru digitalniknohovna.cz zve\u0159ejn\u011bn\u00e9 materi\u00e1ly z Vojensk\u00e9ho historick\u00e9ho \u00fastavu Praha a z Vojensk\u00e9ho \u00fast\u0159edn\u00edho archivu \u2013 Vojensk\u00e9ho historick\u00e9ho archivu Praha, v\u010detn\u011b vojensk\u00fdch matrik. V syst\u00e9mu lze p\u0159epnout i na dal\u0161\u00ed knihovny.\n<br \/><em>Aktualizace: 29. 11. 2019, 19:32<\/em><br \/>\u00a0<\/li>\n<li><strong><a href=\"https:\/\/www.europeana.eu\/portal\/cs\" id=\"link-794\" class=\"track_this_link \" rel=\"noopener noreferrer nofollow\" target=\"_blank\">Europeana<\/a><\/strong>\n<br \/>Jedna z nejv\u011bt\u0161\u00edch sb\u00edrek digit\u00e1ln\u00edch materi\u00e1l\u016f (p\u0159edev\u0161\u00edm fotografie a grafiky, tak\u00e9 n\u011bjak\u00e9 knihy) z evropsk\u00fdch knihoven, muze\u00ed, archiv\u016f apod. Samoz\u0159ejm\u011b zdarma. Strana um\u00ed \u010d\u00e1ste\u010dn\u011b \u010desky, materi\u00e1ly jsou v r\u016fzn\u00fdch jazyc\u00edch. Bohu\u017eel u knih jsem asi nepochopila, jak se k nim dostat jinak, ne\u017e odkazem na p\u016fvodn\u00ed zdroj. Oce\u0148uji, \u017ee jsou v\u017edy zobrazeny licen\u010dn\u00ed podm\u00ednky a jsou snadno srozumiteln\u00e9.\n<br \/><em>Aktualizace: 6. 2. 2021, 12:19<\/em><br \/>\u00a0<\/li>\n<li><strong><a href=\"https:\/\/fbc.pionier.net.pl\/\" id=\"link-792\" class=\"track_this_link \" rel=\"noopener noreferrer nofollow\" target=\"_blank\">Federacja Bibliotek Cyfrowych<\/a><\/strong>\n<br \/>Korzystaj\u0105c z zamieszczonej na stronie wyszukiwarki, przeszukujemy zasoby polskich bibliotek cyfrowych tworzonych przez biblioteki, uczelnie archiwa, muzea i o\u015brodki badawcze. Trochu t\u011b\u017ekop\u00e1dn\u00e9 prohl\u00ed\u017een\u00ed, ale \u010d\u00edst se d\u00e1.\n<br \/><em>Aktualizace: 11. 8. 2019, 6:08<\/em><br \/>\u00a0<\/li>\n<li><strong><a href=\"https:\/\/archive.org\/details\/texts\" id=\"link-459\" class=\"track_this_link \" rel=\"noopener noreferrer nofollow\" target=\"_blank\">Internet Archive &#8211; eBooks and Texts<\/a><\/strong>\n<br \/>Archiv digitalizovan\u00fdch knih p\u0159edev\u0161\u00edm ze zdroj\u016f v Severn\u00ed Americe, kter\u00fd obsahuje i mnoho \u010deskojazy\u010dn\u00fdch knih. Doporu\u010duji sp\u00ed\u0161 vyhled\u00e1vat konkr\u00e9tn\u00ed tituly nebo autory, proto\u017ee filtrov\u00e1n\u00ed podle jazyka nen\u00ed \u00fapln\u011b p\u0159esn\u00e9 (resp. n\u011bkdy nen\u00ed uveden v metadatech jazyk). Je ale t\u0159eba po\u010d\u00edtat s t\u00edm, \u017ee metadata pro vyhled\u00e1v\u00e1n\u00ed a popis p\u0159episovali v\u011bt\u0161inou lid\u00e9 bez znalosti \u010de\u0161tiny a bez \u010desk\u00e9 kl\u00e1vesnice.\n<br \/><em>Aktualizace: 3. 8. 2019, 5:42<\/em><br \/>\u00a0<\/li>\n<li><strong><a href=\"https:\/\/jbc.bj.uj.edu.pl\/dlibra\" id=\"link-1101\" class=\"track_this_link \" rel=\"noopener noreferrer nofollow\" target=\"_blank\">Jagiello\u0144ska Biblioteka Cyfrowa<\/a><\/strong>\n<br \/>Digit\u00e1ln\u00ed knhovna Uniwersytetu Jagiello\u0144skiego v Krakov\u011b.\n<br \/><em>Aktualizace: 20. 8. 2019, 4:52<\/em><br \/>\u00a0<\/li>\n<li><strong><a href=\"https:\/\/ksiegarnia.karta.org.pl\/kategoria-produktu\/za-darmo\/\" id=\"link-1069\" class=\"track_this_link \" rel=\"noopener noreferrer nofollow\" target=\"_blank\">O\u015brodek KARTA &#8211; Darmowe ebooki<\/a><\/strong>\n<br \/>Darmowe ebooki do pobrania dost\u0119pne w formie plik\u00f3w PDF. Bezp\u0142atne publikacje, b\u0119d\u0105ce efektem realizacji r\u00f3\u017cnorodnych zada\u0144 podejmowanych przez O\u015brodek KARTA: edukacyjnych, popularyzatorskich, zwi\u0105zanych z archiwistyk\u0105 spo\u0142eczn\u0105.\n<br \/><em>Aktualizace: 20. 8. 2019, 1:56<\/em><br \/>\u00a0<\/li>\n<li><strong><a href=\"http:\/\/anno.onb.ac.at\/anno-suche#searchMode=simple&#038;from=1\" id=\"link-1444\" class=\"track_this_link \" rel=\"noopener noreferrer nofollow\" target=\"_blank\">\u00d6sterreichische Nationalbibliothek<\/a><\/strong>\n<br \/>Digitalizovan\u00e1 rakousk\u00e1 knihovna, kde jsou mimo jin\u00e9 i materi\u00e1ly v \u010de\u0161tin\u011b.\n<br \/><em>Aktualizace: 3. 12. 2019, 22:50<\/em><br \/>\u00a0<\/li>\n<li><strong><a href=\"http:\/\/otworzksiazke.pl\/\" id=\"link-793\" class=\"track_this_link \" rel=\"noopener noreferrer nofollow\" target=\"_blank\">Otw\u00f3rz Ksi\u0105\u017ck\u0119<\/a><\/strong>\n<br \/>Cyfrowa kolekcja wsp\u00f3\u0142czesnych ksi\u0105\u017cek naukowych - przede wszystkim tych, do kt\u00f3rych dost\u0119p jest utrudniony, np. przez brak dost\u0119pno\u015bci na rynku w formie drukowanej. Celkov\u011b m\u00e1lo titul\u016f, ale hodn\u011b historie. Tituly v PDF.\n<br \/><em>Aktualizace: 11. 8. 2019, 6:09<\/em><br \/>\u00a0<\/li>\n<li><strong><a href=\"https:\/\/pdfknihy.maxzone.eu\/\" id=\"link-1503\" class=\"track_this_link \" rel=\"noopener noreferrer nofollow\" target=\"_blank\">PDF knihy na&nbsp;maxzone.eu<\/a><\/strong>\n<br \/>Digit\u00e1ln\u00ed knihovna se spoustou digitalizovan\u00fdch star\u00fdch knih, kter\u00e9 zaj\u00edmaj\u00ed i genealogy. Knihy \u010dasto pro\u0161ly OCR a lze je stahovat v PDF form\u00e1tu.\n<br \/><em>Aktualizace: 8. 2. 2020, 2:56<\/em><br \/>\u00a0<\/li>\n<li><strong><a href=\"https:\/\/www.pbc.rzeszow.pl\/dlibra?language=pl\" id=\"link-1096\" class=\"track_this_link \" rel=\"noopener noreferrer nofollow\" target=\"_blank\">Podkarpacka Biblioteka Cyfrowa<\/a><\/strong>\n<br \/>Digit\u00e1ln\u00ed knohovna se v\u011bnuje p\u0159edev\u0161\u00edm regionu Podkarpat\u00ed.\n<br \/><em>Aktualizace: 20. 8. 2019, 4:37<\/em><br \/>\u00a0<\/li>\n<li><strong><a href=\"https:\/\/sbc.org.pl\/dlibra\" id=\"link-772\" class=\"track_this_link \" rel=\"noopener noreferrer nofollow\" target=\"_blank\">\u015al\u0105ska Biblioteka Cyfrowa<\/a><\/strong>\n<br \/>Polsk\u00e1 Slezsk\u00e1 digit\u00e1ln\u00ed knihovna.\n<br \/><em>Aktualizace: 11. 8. 2019, 3:31<\/em><br \/>\u00a0<\/li>\n<li><strong><a href=\"https:\/\/old.soalitomerice.cz\/knihovny\/\" id=\"link-289\" class=\"track_this_link \" rel=\"noopener noreferrer nofollow\" target=\"_blank\">SOA Litom\u011b\u0159ice knihovny<\/a><\/strong>\n<br \/>Datab\u00e1ze knih v knihovn\u00e1ch SOA Litom\u011b\u0159ice a jemu pod\u0159\u00edzen\u00fdch oblastn\u00edch archiv\u016f.\n<br \/><em>Aktualizace: 28. 7. 2019, 18:48<\/em><br \/>\u00a0<\/li>\n<li><strong><a href=\"https:\/\/is.muni.cz\/do\/1499\/el\/estud\/praf\/ps09\/dlibrary\/web\/index.html\" id=\"link-1671\" class=\"track_this_link \" rel=\"noopener noreferrer nofollow\" target=\"_blank\">Virtu\u00e1ln\u00ed knihovna pr\u00e1vn\u00edch p\u0159edpis\u016f<\/a><\/strong>\n<br \/>Projekt Pr\u00e1vnick\u00e9 fakulty Masarykovy univerzity obsahuje dv\u011b digitalizovan\u00e9 sb\u00edrky pr\u00e1vn\u00edch p\u0159edpis\u016f - \u0158\u00ed\u0161sk\u00e1 sb\u00edrka z\u00e1kon\u016f (1849-1918) a Moravsk\u00e1 sb\u00edrka z\u00e1kon\u016f (1848-1918). Z\u00e1kony jsou uvedeny tak, jak postupn\u011b vych\u00e1zely, tedy podobn\u011b, jako v na\u0161\u00ed sou\u010dasn\u00e9 Sb\u00edrce z\u00e1kon\u016f.\n<br \/><em>Aktualizace: 23. 7. 2020, 5:20<\/em><br \/>\u00a0<\/li>\n<li><strong><a href=\"https:\/\/www.digital.wienbibliothek.at\/\" id=\"link-432\" class=\"track_this_link \" rel=\"noopener noreferrer nofollow\" target=\"_blank\">Wienbibliothek Digital<\/a><\/strong>\n<br \/>Digit\u00e1ln\u00ed archiv V\u00edde\u0148sk\u00e9 knihovny je, samoz\u0159ejm\u011b, n\u011bmecky.\n<br \/><em>Aktualizace: 2. 8. 2019, 4:26<\/em><br \/>\u00a0<\/li>\n<li><strong><a href=\"http:\/\/www.wimbp.rzeszow.pl\/e-zbiory\/\" id=\"link-1095\" class=\"track_this_link \" rel=\"noopener noreferrer nofollow\" target=\"_blank\">Wojew\u00f3dzka i&nbsp;Miejska Biblioteka Publiczna w Rzeszowie &#8211; E-zbiory<\/a><\/strong>\n<br \/>Rozcestn\u00edk k digitalizovan\u00fdm knih\u00e1m a \u010dasopis\u016fm region\u00e1ln\u00ed knihovny v Rzeszowie.\n<br \/><em>Aktualizace: 20. 8. 2019, 4:39<\/em><br \/>\u00a0<\/li>\n<li><strong><a href=\"https:\/\/katalogi.ossolineum.pl\/\" id=\"link-1071\" class=\"track_this_link \" rel=\"noopener noreferrer nofollow\" target=\"_blank\">Zak\u0142ad Narodowy im. Ossoli\u0144skich &#8211; Katalogi<\/a><\/strong>\n<br \/>Katalogi biblioteki i zasob\u00f3w cyfrowych.\n<br \/><em>Aktualizace: 6. 2. 2021, 13:15<\/em><br \/>\u00a0<\/li>\n<li><strong><a href=\"http:\/\/bazy.oss.wroc.pl\/kzc\/view_fond.php\" id=\"link-1070\" class=\"track_this_link \" rel=\"noopener noreferrer nofollow\" target=\"_blank\">Zak\u0142ad Narodowy im. Ossoli\u0144skich &#8211; Przegl\u0105danie zbior\u00f3w lwowskich wed\u0142ug fond\u00f3w<\/a><\/strong>\n<br \/>Wyszukiwanie informacji o zasobach cyfrowych - Zak\u0142ad Narodowy im. Ossoli\u0144skich - Wroc\u0142aw, Baza Informacji o CD &amp; DVD obejmuje r\u00f3\u017cnego rodzaju zbiory zapisane na no\u015bniku cyfrowym tj.: elektroniczne publikacje samoistne wydawniczo, zbiory zdigitalizowane (r\u0119kopisy, czasopisma, stare druki), dokumenty d\u017awi\u0119kowe itp.\n<br \/><em>Aktualizace: 20. 8. 2019, 2:06<\/em><br \/>\u00a0<\/li>\n<li><strong><a href=\"https:\/\/alex.onb.ac.at\/cgi-content\/alex-iv.pl\" id=\"link-1742\" class=\"track_this_link \" rel=\"noopener noreferrer nofollow\" target=\"_blank\">Z\u00e1kony Rakouska-Uherska po&nbsp;roce 1848<\/a><\/strong>\n<br \/>\u00d6sterreichische Nationalbibliothek nab\u00edz\u00ed v digit\u00e1ln\u00ed podob\u011b z\u00e1kony, kter\u00e9 platily na \u00fazem\u00ed Rakouska-Uherska po roce 1848, a to v jejich n\u011bmeck\u00e9, ale i n\u00e1rodn\u00ed jazykov\u00e9 verzi. Mlad\u0161\u00ed z\u00e1kony zde nejsou. Str\u00e1nky jsou v n\u011bm\u010din\u011b, je nutn\u00e9 zn\u00e1t n\u011bjak\u00e9 slovo, kter\u00e9 se vyskytuje v z\u00e1kon\u011b (ide\u00e1ln\u011b v n\u00e1zvu) a nav\u00edc tam nejsou v\u0161echny z\u00e1kony.\n<br \/><em>Aktualizace: 29. 12. 2020, 20:24<\/em><br \/>\u00a0<\/li>\n\t<\/ul>\n<\/div><!-- Div End Category -->\n<script type='text\/javascript'>\njQuery(document).ready(function()\n{\njQuery('.arrow-up').hide();\njQuery('#linklist1 a.track_this_link').click(function() {\nlinkid = this.id;\nlinkid = linkid.substring(5);\npath = '';\njQuery.ajax( {    type: 'POST',    url: 'https:\/\/www.neznamo.cz\/genealogie\/wp-admin\/admin-ajax.php',     data: { action: 'link_library_tracker',             _ajax_nonce: '965a04d8ae',             id:linkid, xpath:path }     });\nreturn true;\n});\njQuery('#linklist1 .expandlinks').click(function() {\ntarget = '.' + jQuery(this).attr('id');\nsubcattarget = '.' + jQuery(this).attr('data-subcat');\nif ( jQuery( target ).is(':visible') ) {\njQuery(target).slideUp();\njQuery(subcattarget).slideToggle();\njQuery(this).children('img').attr('src', 'https:\/\/www.neznamo.cz\/genealogie\/wp-content\/plugins\/link-library\/icons\/expand-32.png');\n} else {\njQuery(target).slideDown();\njQuery(subcattarget).slideToggle();\njQuery(this).children('img').attr('src', 'https:\/\/www.neznamo.cz\/genealogie\/wp-content\/plugins\/link-library\/icons\/collapse-32.png');\n}\n});\njQuery('#linklist1 .linklistcatclass').click(function() {\njQuery(this).siblings('.expandlinks').click();\n});\njQuery('#linklist1 .linklistcatnamedesc').click(function() {\njQuery(this).siblings('.expandlinks').click();\n});\n});\n<\/script>\n<\/div><!-- Div Linklist -->\n<!-- End of Link Library Output -->\n\n\n","protected":false},"excerpt":{"rendered":"","protected":false},"author":1,"featured_media":0,"parent":0,"menu_order":0,"comment_status":"closed","ping_status":"closed","template":"","meta":{"footnotes":""},"class_list":["post-166","page","type-page","status-publish","hentry"],"featured_image_urls_v2":{"full":"","thumbnail":"","medium":"","medium_large":"","large":"","1536x1536":"","2048x2048":"","twentyseventeen-featured-image":"","twentyseventeen-thumbnail-avatar":""},"post_excerpt_stackable_v2":"<p>Digit\u00e1ln\u00ed knihovna V\u00fdborn\u00e9 centrum pro prohl\u00ed\u017een\u00ed digitalizovan\u00fdch materi\u00e1l\u016f (periodick\u00fdch i&nbsp;neperiodick\u00fdch) z&nbsp;mnoha knihoven. Odkaz vede na&nbsp;sb\u00edrky N\u00e1rodn\u00ed knihovny Praha. Aktualizace: 28.&nbsp;7.&nbsp;2019, 0:52\u00a0 Academica Academica udost\u0119pnia zasoby cyfrowe, w tym wsp\u00f3\u0142czesne ksi\u0105\u017cki i&nbsp;czasopisma naukowe ze&nbsp;wszystkich dziedzin wiedzy. Aktualizace: 29.&nbsp;11.&nbsp;2019, 18:44\u00a0 Bohemian Library Digit\u00e1ln\u00ed knihovna star\u00e9 \u010desk\u00e9 sp\u00ed\u0161e nau\u010dn\u00e9 literatury. Mnoho zaj\u00edmav\u00e9ho i&nbsp;pro n\u00e1s, genealogy. Lze listovat i&nbsp;st\u00e1hnout jako PDF. Aktualizace: 6.&nbsp;2.&nbsp;2021, 12:00\u00a0 \u010cesk\u00e1 digit\u00e1ln\u00ed knihovna \u010cesk\u00e1 digit\u00e1ln\u00ed knihovna umo\u017e\u0148uje vyhled\u00e1v\u00e1n\u00ed v&nbsp;dokumentech obsa\u017een\u00fdch v&nbsp;digit\u00e1ln\u00edch knihovn\u00e1ch provozovan\u00fdch jednotliv\u00fdmi knihovnami v&nbsp;\u010cesk\u00e9 republice. C\u00edlem je zaji\u0161t\u011bn\u00ed p\u0159\u00edstupu k&nbsp;digit\u00e1ln\u00edm dokument\u016fm&hellip;<\/p>\n","category_list_v2":"","author_info_v2":{"name":"Monika","url":"https:\/\/www.neznamo.cz\/genealogie\/author\/monika\/"},"comments_num_v2":"0 comments","_links":{"self":[{"href":"https:\/\/www.neznamo.cz\/genealogie\/wp-json\/wp\/v2\/pages\/166","targetHints":{"allow":["GET"]}}],"collection":[{"href":"https:\/\/www.neznamo.cz\/genealogie\/wp-json\/wp\/v2\/pages"}],"about":[{"href":"https:\/\/www.neznamo.cz\/genealogie\/wp-json\/wp\/v2\/types\/page"}],"author":[{"embeddable":true,"href":"https:\/\/www.neznamo.cz\/genealogie\/wp-json\/wp\/v2\/users\/1"}],"replies":[{"embeddable":true,"href":"https:\/\/www.neznamo.cz\/genealogie\/wp-json\/wp\/v2\/comments?post=166"}],"version-history":[{"count":0,"href":"https:\/\/www.neznamo.cz\/genealogie\/wp-json\/wp\/v2\/pages\/166\/revisions"}],"wp:attachment":[{"href":"https:\/\/www.neznamo.cz\/genealogie\/wp-json\/wp\/v2\/media?parent=166"}],"curies":[{"name":"wp","href":"https:\/\/api.w.org\/{rel}","templated":true}]}}