{"id":1589,"date":"2020-04-11T05:36:43","date_gmt":"2020-04-11T03:36:43","guid":{"rendered":"https:\/\/www.neznamo.cz\/genealogie\/?page_id=1589"},"modified":"2020-04-11T05:36:43","modified_gmt":"2020-04-11T03:36:43","slug":"polstina-pro-genealogy","status":"publish","type":"page","link":"https:\/\/www.neznamo.cz\/genealogie\/polstina-pro-genealogy\/","title":{"rendered":"Pol\u0161tina pro genealogy"},"content":{"rendered":"<p><strong>Mal\u00fd genealogick\u00fd slovn\u00ed\u010dek z\u00e1kladn\u00edch v\u00fdraz\u016f v&nbsp;pol\u0161tin\u011b.<\/strong><\/p>\n<p>Pot\u0159ebujete-li p\u0159elo\u017eit v\u00fdraz, kter\u00fd zde nen\u00ed, napi\u0161te jej do&nbsp;koment\u00e1\u0159e. Pokus\u00edm se jej p\u0159idat co nejd\u0159\u00edve.<\/p>\n<a name='name_directory_position1'><\/a><h3 class='name_directory_title'>Pol\u0161tina pro genealogy<\/h3><div class=\"name_directory_index\"> <a class=\"name_directory_startswith  name_directory_empty\" href=\"https:\/\/www.neznamo.cz\/genealogie\/polstina-pro-genealogy\/?dir=1&name_directory_startswith=%23\">#<\/a>  <a class=\"name_directory_startswith \" href=\"https:\/\/www.neznamo.cz\/genealogie\/polstina-pro-genealogy\/?dir=1&name_directory_startswith=A\">A<\/a>  <a class=\"name_directory_startswith \" href=\"https:\/\/www.neznamo.cz\/genealogie\/polstina-pro-genealogy\/?dir=1&name_directory_startswith=B\">B<\/a>  <a class=\"name_directory_startswith \" href=\"https:\/\/www.neznamo.cz\/genealogie\/polstina-pro-genealogy\/?dir=1&name_directory_startswith=C\">C<\/a>  <a class=\"name_directory_startswith \" href=\"https:\/\/www.neznamo.cz\/genealogie\/polstina-pro-genealogy\/?dir=1&name_directory_startswith=D\">D<\/a>  <a class=\"name_directory_startswith  name_directory_empty\" href=\"https:\/\/www.neznamo.cz\/genealogie\/polstina-pro-genealogy\/?dir=1&name_directory_startswith=E\">E<\/a>  <a class=\"name_directory_startswith \" href=\"https:\/\/www.neznamo.cz\/genealogie\/polstina-pro-genealogy\/?dir=1&name_directory_startswith=F\">F<\/a>  <a class=\"name_directory_startswith \" href=\"https:\/\/www.neznamo.cz\/genealogie\/polstina-pro-genealogy\/?dir=1&name_directory_startswith=G\">G<\/a>  <a class=\"name_directory_startswith  name_directory_empty\" href=\"https:\/\/www.neznamo.cz\/genealogie\/polstina-pro-genealogy\/?dir=1&name_directory_startswith=H\">H<\/a>  <a class=\"name_directory_startswith  name_directory_empty\" href=\"https:\/\/www.neznamo.cz\/genealogie\/polstina-pro-genealogy\/?dir=1&name_directory_startswith=I\">I<\/a>  <a class=\"name_directory_startswith  name_directory_empty\" href=\"https:\/\/www.neznamo.cz\/genealogie\/polstina-pro-genealogy\/?dir=1&name_directory_startswith=J\">J<\/a>  <a class=\"name_directory_startswith \" href=\"https:\/\/www.neznamo.cz\/genealogie\/polstina-pro-genealogy\/?dir=1&name_directory_startswith=K\">K<\/a>  <a class=\"name_directory_startswith \" href=\"https:\/\/www.neznamo.cz\/genealogie\/polstina-pro-genealogy\/?dir=1&name_directory_startswith=L\">L<\/a>  <a class=\"name_directory_startswith \" href=\"https:\/\/www.neznamo.cz\/genealogie\/polstina-pro-genealogy\/?dir=1&name_directory_startswith=M\">M<\/a>  <a class=\"name_directory_startswith \" href=\"https:\/\/www.neznamo.cz\/genealogie\/polstina-pro-genealogy\/?dir=1&name_directory_startswith=N\">N<\/a>  <a class=\"name_directory_startswith \" href=\"https:\/\/www.neznamo.cz\/genealogie\/polstina-pro-genealogy\/?dir=1&name_directory_startswith=O\">O<\/a>  <a class=\"name_directory_startswith \" href=\"https:\/\/www.neznamo.cz\/genealogie\/polstina-pro-genealogy\/?dir=1&name_directory_startswith=P\">P<\/a>  <a class=\"name_directory_startswith  name_directory_empty\" href=\"https:\/\/www.neznamo.cz\/genealogie\/polstina-pro-genealogy\/?dir=1&name_directory_startswith=Q\">Q<\/a>  <a class=\"name_directory_startswith \" href=\"https:\/\/www.neznamo.cz\/genealogie\/polstina-pro-genealogy\/?dir=1&name_directory_startswith=R\">R<\/a>  <a class=\"name_directory_startswith \" href=\"https:\/\/www.neznamo.cz\/genealogie\/polstina-pro-genealogy\/?dir=1&name_directory_startswith=S\">S<\/a>  <a class=\"name_directory_startswith \" href=\"https:\/\/www.neznamo.cz\/genealogie\/polstina-pro-genealogy\/?dir=1&name_directory_startswith=T\">T<\/a>  <a class=\"name_directory_startswith \" href=\"https:\/\/www.neznamo.cz\/genealogie\/polstina-pro-genealogy\/?dir=1&name_directory_startswith=U\">U<\/a>  <a class=\"name_directory_startswith  name_directory_empty\" href=\"https:\/\/www.neznamo.cz\/genealogie\/polstina-pro-genealogy\/?dir=1&name_directory_startswith=V\">V<\/a>  <a class=\"name_directory_startswith \" href=\"https:\/\/www.neznamo.cz\/genealogie\/polstina-pro-genealogy\/?dir=1&name_directory_startswith=W\">W<\/a>  <a class=\"name_directory_startswith  name_directory_empty\" href=\"https:\/\/www.neznamo.cz\/genealogie\/polstina-pro-genealogy\/?dir=1&name_directory_startswith=X\">X<\/a>  <a class=\"name_directory_startswith  name_directory_empty\" href=\"https:\/\/www.neznamo.cz\/genealogie\/polstina-pro-genealogy\/?dir=1&name_directory_startswith=Y\">Y<\/a>  <a class=\"name_directory_startswith \" href=\"https:\/\/www.neznamo.cz\/genealogie\/polstina-pro-genealogy\/?dir=1&name_directory_startswith=Z\">Z<\/a> <br \/><form role='search' method='get' action=''><input type='search' autocomplete='off' aria-description='Directory names below will match your searchcriteria after submit' name='name-directory-search-value' id='name-directory-search-input-box' placeholder='Vyhledat...' \/><input type='hidden' name='dir' value='1' \/><input type='submit' id='name-directory-search-input-button' value='Vyhledat' \/><\/form><\/div><div class=\"name_directory_total\">Tento slovn\u00edk obsahuje 145 v\u00fdrazy<\/div><div class=\"name_directory_names\"><p class=\"name_directory_entry_message\">Pro zobrazen\u00ed obsahu zvolte pros\u00edm p\u00edsmeno ze seznamu naho\u0159e. Vyhled\u00e1v\u00e1n\u00ed funguje pouze pro cel\u00e1 slova v p\u0159esn\u00e9m tvaru.<\/p><\/div><style>\r\n        .name_directory_readmore_state ~ .name_directory_readmore_trigger:before {\r\n            content: '... V\u00edce';\r\n        }\r\n       \r\n        .name_directory_readmore_state:checked ~ .name_directory_readmore_trigger:before {\r\n            content: 'M\u00e9n\u011b';\r\n        }\r\n        <\/style>\n","protected":false},"excerpt":{"rendered":"<p>Mal\u00fd genealogick\u00fd slovn\u00ed\u010dek z\u00e1kladn\u00edch v\u00fdraz\u016f v&nbsp;pol\u0161tin\u011b. Pot\u0159ebujete-li p\u0159elo\u017eit v\u00fdraz, kter\u00fd zde nen\u00ed, napi\u0161te jej do&nbsp;koment\u00e1\u0159e. Pokus\u00edm se jej p\u0159idat co nejd\u0159\u00edve.<\/p>\n","protected":false},"author":1,"featured_media":0,"parent":0,"menu_order":0,"comment_status":"open","ping_status":"closed","template":"","meta":{"footnotes":""},"class_list":["post-1589","page","type-page","status-publish","hentry"],"featured_image_urls_v2":{"full":"","thumbnail":"","medium":"","medium_large":"","large":"","1536x1536":"","2048x2048":"","twentyseventeen-featured-image":"","twentyseventeen-thumbnail-avatar":""},"post_excerpt_stackable_v2":"<p>Mal\u00fd genealogick\u00fd slovn\u00ed\u010dek z\u00e1kladn\u00edch v\u00fdraz\u016f v&nbsp;pol\u0161tin\u011b. Pot\u0159ebujete-li p\u0159elo\u017eit v\u00fdraz, kter\u00fd zde nen\u00ed, napi\u0161te jej do&nbsp;koment\u00e1\u0159e. Pokus\u00edm se jej p\u0159idat co nejd\u0159\u00edve. Pol\u0161tina pro genealogy # A&nbsp;B C D E F G H I&nbsp;J K&nbsp;L M N O&nbsp;P Q R S&nbsp;T U&nbsp;V&nbsp;W X Y Z&nbsp;Tento slovn\u00edk obsahuje 145 v\u00fdrazyPro zobrazen\u00ed obsahu zvolte pros\u00edm p\u00edsmeno ze&nbsp;seznamu naho\u0159e. Vyhled\u00e1v\u00e1n\u00ed funguje pouze pro cel\u00e1 slova v&nbsp;p\u0159esn\u00e9m tvaru.<\/p>\n","category_list_v2":"","author_info_v2":{"name":"Monika","url":"https:\/\/www.neznamo.cz\/genealogie\/author\/monika\/"},"comments_num_v2":"0 comments","_links":{"self":[{"href":"https:\/\/www.neznamo.cz\/genealogie\/wp-json\/wp\/v2\/pages\/1589","targetHints":{"allow":["GET"]}}],"collection":[{"href":"https:\/\/www.neznamo.cz\/genealogie\/wp-json\/wp\/v2\/pages"}],"about":[{"href":"https:\/\/www.neznamo.cz\/genealogie\/wp-json\/wp\/v2\/types\/page"}],"author":[{"embeddable":true,"href":"https:\/\/www.neznamo.cz\/genealogie\/wp-json\/wp\/v2\/users\/1"}],"replies":[{"embeddable":true,"href":"https:\/\/www.neznamo.cz\/genealogie\/wp-json\/wp\/v2\/comments?post=1589"}],"version-history":[{"count":0,"href":"https:\/\/www.neznamo.cz\/genealogie\/wp-json\/wp\/v2\/pages\/1589\/revisions"}],"wp:attachment":[{"href":"https:\/\/www.neznamo.cz\/genealogie\/wp-json\/wp\/v2\/media?parent=1589"}],"curies":[{"name":"wp","href":"https:\/\/api.w.org\/{rel}","templated":true}]}}