{"id":104,"date":"2019-07-26T05:28:11","date_gmt":"2019-07-26T03:28:11","guid":{"rendered":"https:\/\/www.neznamo.cz\/genealogie\/?page_id=104"},"modified":"2019-07-26T05:28:11","modified_gmt":"2019-07-26T03:28:11","slug":"odkazy-archivy-zahranici","status":"publish","type":"page","link":"https:\/\/www.neznamo.cz\/genealogie\/odkazy-archivy-zahranici\/","title":{"rendered":"Archivy zahrani\u010d\u00ed"},"content":{"rendered":"<!-- Beginning of Link Library Output --><div id='linklist1' class='linklist'><!-- Div Linklist -->\n<div class=\"LinkLibraryCat LinkLibraryCat6 level0\"><!-- Div Category -->\n\t<ul>\n<li><strong><a href=\"http:\/\/www.archives.gov.by\/index.php?id=12\" id=\"link-685\" class=\"track_this_link \" rel=\"noopener noreferrer nofollow\" target=\"_blank\">Archivy B\u011bloruska &#8211; genealogie<\/a><\/strong>\n<br \/>Z\u00e1kladn\u00ed informace o genealogick\u00e9m p\u00e1tr\u00e1n\u00ed na str\u00e1nce hlavn\u00edho b\u011blorusk\u00e9ho archivn\u00edho centra \u0410\u0440\u0445\u0438\u0432\u044b \u0411\u0435\u043b\u0430\u0440\u0443\u0441\u0438. V\u0161e je rusky, angli\u010dtinu jsem nena\u0161la, ale snad se to bude d\u00e1t zvl\u00e1dnout pomoc\u00ed google p\u0159eklada\u010de.\n<br \/><em>Aktualizace: 9. 8. 2019, 3:19<\/em><br \/>\u00a0<\/li>\n<li><strong><a href=\"https:\/\/digitales-archiv.erzbistum-muenchen.de\/actaproweb\/\" id=\"link-110\" class=\"track_this_link \" rel=\"noopener noreferrer nofollow\" target=\"_blank\">Bavorsko &#8211; Digit\u00e1ln\u00ed archiv arcidiec\u00e9ze Mnichov a&nbsp;Freising<\/a><\/strong>\n<br \/>Zve\u0159ejn\u011bn\u00e9 digitalizovan\u00e9 materi\u00e1ly, informace o fondech a pom\u016fcky k nim. Nab\u00edz\u00ed angli\u010dtinu, ale stejn\u011b p\u00ed\u0161e jen n\u011bmecky.\n<br \/><em>Aktualizace: 26. 7. 2019, 19:17<\/em><br \/>\u00a0<\/li>\n<li><strong><a href=\"https:\/\/www.crarc.findbuch.net\/\" id=\"link-528\" class=\"track_this_link \" rel=\"noopener noreferrer nofollow\" target=\"_blank\">Crossborderarchives SK-AT<\/a><\/strong>\n<br \/>Rakousk\u00fd port\u00e1l pro p\u0159\u00edstup k online informac\u00edm z t\u011bchto archiv\u016f: AMB Arch\u00edv hlavn\u00e9ho mesta SR Bratislavy, EDW Erzdi\u00f6zese Wien (Arcidiec\u00e9za Viede\u0148), N\u00d6LA N\u00d6 Landesarchiv (Dolnorak\u00fasky krajinsk\u00fd arch\u00edv), StAB St\u00e1tny arch\u00edv v Bratislave, \u00d6StA \u00d6sterreichisches Staatsarchiv (Rak\u00fasky \u0161t\u00e1tny arch\u00edv - zde hledejte digitalizovan\u00e9 rakousk\u00e9 vojensk\u00e9 matriky). Port\u00e1l na n\u00e1s mluv\u00ed \u010d\u00e1ste\u010dn\u011b tak\u00e9 slovensky.\n<br \/><em>Aktualizace: 4. 8. 2019, 1:19<\/em><br \/>\u00a0<\/li>\n<li><strong><a href=\"https:\/\/www.familysearch.org\/search\/collection\/4110912\" id=\"link-2246\" class=\"track_this_link \" rel=\"noopener noreferrer nofollow\" target=\"_blank\">Deutschland, Preu\u00dfen, Ostpreu\u00dfen, Katholische und Lutherisch Kirchenb\u00fccher, 1551-1992<\/a><\/strong>\n<br \/>Na FamilySearch lze nyn\u00ed vyhled\u00e1vat v datab\u00e1zi matri\u010dn\u00edch z\u00e1znam\u016f katolick\u00fdch a luter\u00e1nsk\u00fdch c\u00edrkv\u00ed v Polsku a N\u011bmecku pro V\u00fdchodn\u00ed Prusko (zahrnovalo \u00fazem\u00ed, kter\u00e9 se nyn\u00ed nach\u00e1z\u00ed v Polsku, v Litv\u011b a v Kaliningradsk\u00e9 oblasti Ruska). \u0158\u00edmskokatolick\u00e9 matriky jsou ve v\u00fdsledc\u00edch vyhled\u00e1v\u00e1n\u00ed uvedeny jako luter\u00e1nsk\u00e9 (to je obvykl\u00e1 bolest port\u00e1lu). K n\u011bkter\u00fdm sken\u016fm se d\u00e1 dostat pouze po p\u0159ihl\u00e1\u0161en\u00ed z mormonsk\u00fdch center.\n<br \/><em>Aktualizace: 22. 6. 2022, 4:10<\/em><br \/>\u00a0<\/li>\n<li><strong><a href=\"https:\/\/www.familysearch.org\/search\/image\/index?owc=QVHX-3VZ%3A180600901%3Fcc%3D1910265\" id=\"link-1484\" class=\"track_this_link \" rel=\"noopener noreferrer nofollow\" target=\"_blank\">Duplik\u00e1ty matrik z\u00e1padn\u00ed \u010d\u00e1sti Ukrajiny 1600-1937<\/a><\/strong>\n<br \/>Digitalizovan\u00e9 matriky na FamilySearch se tv\u00e1\u0159\u00ed jako \u0159eckokatolick\u00e9, ale jsou zde sm\u00edch\u00e1ny s \u0159\u00edmskokatolick\u00fdmi (v seznamu je nelze rozli\u0161it). Jde pouze o \u010d\u00e1st \u00fazem\u00ed, ur\u010dit\u011b Hali\u010d. Lw\u00f3w je t\u0159eba hledat pod Lemberg.\n<br \/><em>Aktualizace: 17. 1. 2020, 10:26<\/em><br \/>\u00a0<\/li>\n<li><strong><a href=\"https:\/\/www.epaveldas.lt\/vbspi\/\" id=\"link-687\" class=\"track_this_link \" rel=\"noopener noreferrer nofollow\" target=\"_blank\">ePaveldas<\/a><\/strong>\n<br \/>Matriky v litevsk\u00fdch archivech. Netu\u0161\u00edm ale, jak je tam hledat.\n<br \/><em>Aktualizace: 29. 11. 2019, 18:57<\/em><br \/>\u00a0<\/li>\n<li><strong><a href=\"https:\/\/www.familysearch.org\/\" id=\"link-202\" class=\"track_this_link \" rel=\"noopener noreferrer nofollow\" target=\"_blank\">FamilySearch<\/a><\/strong>\n<br \/>Mno\u017estv\u00ed digitalizovan\u00fdch archivn\u00edch materi\u00e1l\u016f z cel\u00e9ho sv\u011bta, \u010dlenov\u00e9 str\u00e1nek postupn\u011b indexuj\u00ed. Pro prohl\u00ed\u017een\u00ed sken\u016f je t\u0159eba se zdarma registrovat.\n<br \/><em>Aktualizace: 19. 8. 2019, 3:05<\/em><br \/>\u00a0<\/li>\n<li><strong><a href=\"https:\/\/www.geshergalicia.org\/inventories\/\" id=\"link-896\" class=\"track_this_link \" rel=\"noopener noreferrer nofollow\" target=\"_blank\">Gesher Galicia Inventories<\/a><\/strong>\n<br \/>Neziskov\u00e1 organizace Gesher Galicia vytv\u00e1\u0159\u00ed rozs\u00e1hl\u00e9 invent\u00e1\u0159e dostupn\u00fdch archivn\u00edch materi\u00e1l\u016f, v\u010detn\u011b p\u0159\u00edm\u00fdch odkaz\u016f na archiv\u00e1lie. Odkaz vede na rozcestn\u00edk podle m\u00edsta ulo\u017een\u00ed archiv\u00e1li\u00ed.\n<br \/><em>Aktualizace: 13. 8. 2019, 6:15<\/em><br \/>\u00a0<\/li>\n<li><strong><a href=\"http:\/\/data.matricula-online.eu\/en\/\" id=\"link-108\" class=\"track_this_link \" rel=\"noopener noreferrer nofollow\" target=\"_blank\">Matricula hlavn\u00ed str\u00e1nka<\/a><\/strong>\n<br \/>Hlavn\u00ed str\u00e1nka projektu Matricula s p\u0159edev\u0161\u00edm rakousk\u00fdmi a n\u011bmeck\u00fdmi matrikami.\n<br \/><em>Aktualizace: 26. 7. 2019, 5:45<\/em><br \/>\u00a0<\/li>\n<li><strong><a href=\"http:\/\/data.matricula-online.eu\/en\/suchen\/\" id=\"link-107\" class=\"track_this_link \" rel=\"noopener noreferrer nofollow\" target=\"_blank\">Matricula vyhled\u00e1v\u00e1n\u00ed<\/a><\/strong>\n<br \/>Vyhled\u00e1v\u00e1n\u00ed digitalizovan\u00fdch materi\u00e1l\u016f nejen z V\u00eddn\u011b, ale z cel\u00e9ho Rakouska a dal\u0161\u00edch zem\u00ed (N\u011bmecko, dne\u0161n\u00ed Polsko, Bosna a Hercegovina, Srbsko...)\n<br \/><em>Aktualizace: 26. 7. 2019, 5:41<\/em><br \/>\u00a0<\/li>\n<li><strong><a href=\"https:\/\/cgamos.ru\/metric-books\/2126\/\" id=\"link-1746\" class=\"track_this_link \" rel=\"noopener noreferrer nofollow\" target=\"_blank\">Matriky z&nbsp;archivu v&nbsp;Moskv\u011b<\/a><\/strong>\n<br \/>V\u0161e je v ru\u0161tin\u011b a ch\u00e1pu-li to spr\u00e1vn\u011b, je t\u0159eba vyhled\u00e1vat podle p\u0159\u00edjmen\u00ed (zadan\u00e9ho v azbuce). Matriky se pak zobraz\u00ed asi norm\u00e1ln\u011b digitalizovan\u00e9. Jde o matriky z let 1750-1934.\n<br \/><em>Aktualizace: 2. 1. 2021, 20:15<\/em><br \/>\u00a0<\/li>\n<li><strong><a href=\"https:\/\/lostrussianfamily.wordpress.com\/2021\/01\/02\/millions-of-free-scanned-church-records-from-moscow-posted-online\/\" id=\"link-1747\" class=\"track_this_link \" rel=\"noopener noreferrer nofollow\" target=\"_blank\">Matriky z&nbsp;archivu v&nbsp;Moskv\u011b &#8211; n\u00e1vod<\/a><\/strong>\n<br \/>N\u00e1vod v angli\u010dtin\u011b, jak vyhled\u00e1vat v matrik\u00e1ch z archivu v Moskv\u011b.\n<br \/><em>Aktualizace: 2. 1. 2021, 20:16<\/em><br \/>\u00a0<\/li>\n<li><strong><a href=\"https:\/\/www.monasterium.net\/mom\/fonds\" id=\"link-314\" class=\"track_this_link \" rel=\"noopener noreferrer nofollow\" target=\"_blank\">Monasterium<\/a><\/strong>\n<br \/>Hled\u00e1n\u00ed digitalizovan\u00fdch v\u00fdznamn\u011bj\u0161\u00edch materi\u00e1l\u016f z fond\u016f r\u016fzn\u00fdch evropsk\u00fdch archiv\u016f (v\u010detn\u011b \u010desk\u00fdch).\n<br \/><em>Aktualizace: 29. 7. 2019, 3:37<\/em><br \/>\u00a0<\/li>\n<li><strong><a href=\"https:\/\/catalog.archives.gov\/id\/6943087\" id=\"link-1079\" class=\"track_this_link \" rel=\"noopener noreferrer nofollow\" target=\"_blank\">National archives catalog &#8211; Card Register of Burials of Deceased American Soldiers, 1917 &#8211; 1922<\/a><\/strong>\n<br \/>Digitalizovan\u00e9 eviden\u010dn\u00ed karty americk\u00fdch voj\u00e1k\u016f, kte\u0159\u00ed padli nebo zem\u0159eli v I. sv\u011btov\u00e9 v\u00e1lce. Hod\u00ed se pro hled\u00e1n\u00ed p\u0159\u00edbuzn\u00fdch, kte\u0159\u00ed emigrovali do USA.\n<br \/><em>Aktualizace: 29. 11. 2019, 19:14<\/em><br \/>\u00a0<\/li>\n<li><strong><a href=\"https:\/\/catalog.archives.gov\/search?q=*:*&#038;f.ancestorNaIds=421&#038;sort=naIdSort%20asc\" id=\"link-1081\" class=\"track_this_link \" rel=\"noopener noreferrer nofollow\" target=\"_blank\">National archives catalog &#8211; Records of the Office of the Quartermaster General, 1774 &#8211; 1985<\/a><\/strong>\n<br \/>Seznam archivn\u00edch fond\u016f americk\u00fdch voj\u00e1k\u016f, kte\u0159\u00ed padli nebo zem\u0159eli v letech 1774 a\u017e 1985. Hod\u00ed se pro hled\u00e1n\u00ed p\u0159\u00edbuzn\u00fdch, kte\u0159\u00ed emigrovali do USA.\n<br \/><em>Aktualizace: 20. 8. 2019, 3:32<\/em><br \/>\u00a0<\/li>\n<li><strong><a href=\"https:\/\/www.archivinformationssystem.at\/suchinfo.aspx\" id=\"link-529\" class=\"track_this_link \" rel=\"noopener noreferrer nofollow\" target=\"_blank\">\u00d6sterreichisches Staatsarchiv<\/a><\/strong>\n<br \/>Hlavn\u00ed br\u00e1na k n\u011bkolika d\u016fle\u017eit\u00fdm datab\u00e1z\u00edm archivu. Pod odkazem &quot;Volltextsuche&quot; lze vyhled\u00e1vat podle p\u0159\u00edjmen\u00ed. Materi\u00e1ly nejsou digitalizovan\u00e9, dozv\u00edme se pouze signaturu dokumentu.\n<br \/><em>Aktualizace: 4. 8. 2019, 1:20<\/em><br \/>\u00a0<\/li>\n<li><strong><a href=\"https:\/\/www.familysearch.org\/search\/collection\/1404451\" id=\"link-2581\" class=\"track_this_link \" rel=\"noopener noreferrer nofollow\" target=\"_blank\">Popula\u010dn\u00ed karty V\u00eddn\u011b 1850-1896<\/a><\/strong>\n<br \/>Popula\u010dn\u00ed karty jednotliv\u00fdch obyvatel m\u011bsta V\u00eddn\u011b (Rakousko) zve\u0159ejn\u011bn\u00fd na FamilySearch. Lze vyhled\u00e1vat standardn\u011b jako na FamilySearch podle jm\u00e9na a p\u0159\u00edjmen\u00ed, ale doporu\u010duji sp\u00ed\u0161 pouze p\u0159\u00edjmen\u00ed a u n\u011bj nav\u00edc zna\u010dnou &quot;kreativitu&quot;, proto\u017ee mohlo b\u00fdt p\u0159i p\u0159episu do datab\u00e1ze zkomoleno. Popis na FamilySearch d\u00e1l \u0159\u00edk\u00e1: Karty obsahuj\u00ed: jm\u00e9no, datum a m\u00edsto narozen\u00ed, rodinn\u00fd stav, star\u00e9 a nov\u00e9 bydli\u0161t\u011b a data p\u0159\u00edjezdu a odjezdu. \u010casto jsou uvedena jm\u00e9na man\u017eela\/man\u017eelky a d\u011bt\u00ed. V\u00eddn\u00ed pro\u0161lo mnoho osob z Rakouska-Uherska a v\u00fdchodn\u00ed Evropy, kter\u00e9 mohou b\u00fdt na t\u011bchto kart\u00e1ch uvedeny. \u0160ir\u0161\u00ed sb\u00edrka byla vedena od roku 1850 do roku 1928. Sou\u010dasn\u00e1 publikace v\u0161ak obsahuje pouze informace o osob\u00e1ch narozen\u00fdch p\u0159ed rokem 1897 (115 let a v\u00edce). Origin\u00e1ly matrik se nach\u00e1zej\u00ed ve V\u00edde\u0148sk\u00e9m m\u011bstsk\u00e9m a zemsk\u00e9m archivu (Wiener Stadt- und Landesarchiv).\n<br \/><em>Aktualizace: 15. 6. 2024, 19:04<\/em><br \/>\u00a0<\/li>\n<li><strong><a href=\"https:\/\/uk.wikisource.org\/wiki\/%D0%92%D1%96%D0%BA%D1%96%D0%B4%D0%B6%D0%B5%D1%80%D0%B5%D0%BB%D0%B0:%D0%9C%D0%B5%D1%82%D1%80%D0%B8%D1%87%D0%BD%D1%96_%D0%BA%D0%BD%D0%B8%D0%B3%D0%B8\" id=\"link-109\" class=\"track_this_link \" rel=\"noopener noreferrer nofollow\" target=\"_blank\">Ukrajinsk\u00e9 matriky na&nbsp;wikipedii<\/a><\/strong>\n<br \/>P\u0159ehledn\u00e9 informace o fondech matrik r\u016fzn\u00fdch ukrajinsk\u00fdch archiv\u016f. N\u011bkter\u00e9 matriky jsou digitalizovan\u00e9 a p\u0159\u00edmo na wikipedii zve\u0159ejn\u011bn\u00e9 jako PDF (mo\u017eno prohl\u00ed\u017eet nebo st\u00e1hnout).\n<br \/><em>Aktualizace: 26. 7. 2019, 5:54<\/em><br \/>\u00a0<\/li>\n<li><strong><a href=\"https:\/\/www.familysearch.org\/search\/catalog\/22998?availability=Family%20History%20Library\" id=\"link-607\" class=\"track_this_link \" rel=\"noopener noreferrer nofollow\" target=\"_blank\">V\u00edde\u0148 &#8211; civiln\u00ed matriky \u00famrt\u00ed 1648 a\u017e 1920<\/a><\/strong>\n<br \/>P\u0159\u00edm\u00fd odkaz na digitalizovan\u00e9 mikrofilmy Sterberegister, 1648-1920 na FamilySearch.\n<br \/><em>Aktualizace: 6. 8. 2019, 4:10<\/em><br \/>\u00a0<\/li>\n<li><strong><a href=\"https:\/\/kresy.genealodzy.pl\/gub_wil_87\/metryki_wilno.html\" id=\"link-810\" class=\"track_this_link \" rel=\"noopener noreferrer nofollow\" target=\"_blank\">Zasoby metrykalne udost\u0119pnione na&nbsp;portalu ePaveldas<\/a><\/strong>\n<br \/>Ko\u015bcio\u0142y Wilna i archiwum archidiecezjalne (stan na 19 grudnia 2014 r.). Seznamy matrik v\u017edy s p\u0159\u00edm\u00fdm odkazem na jej\u00ed prohl\u00ed\u017een\u00ed.\n<br \/><em>Aktualizace: 12. 8. 2019, 2:10<\/em><br \/>\u00a0<\/li>\n\t<\/ul>\n<\/div><!-- Div End Category -->\n<script type='text\/javascript'>\njQuery(document).ready(function()\n{\njQuery('.arrow-up').hide();\njQuery('#linklist1 a.track_this_link').click(function() {\nlinkid = this.id;\nlinkid = linkid.substring(5);\npath = '';\njQuery.ajax( {    type: 'POST',    url: 'https:\/\/www.neznamo.cz\/genealogie\/wp-admin\/admin-ajax.php',     data: { action: 'link_library_tracker',             _ajax_nonce: 'c3d5677575',             id:linkid, xpath:path }     });\nreturn true;\n});\njQuery('#linklist1 .expandlinks').click(function() {\ntarget = '.' + jQuery(this).attr('id');\nsubcattarget = '.' + jQuery(this).attr('data-subcat');\nif ( jQuery( target ).is(':visible') ) {\njQuery(target).slideUp();\njQuery(subcattarget).slideToggle();\njQuery(this).children('img').attr('src', 'https:\/\/www.neznamo.cz\/genealogie\/wp-content\/plugins\/link-library\/icons\/expand-32.png');\n} else {\njQuery(target).slideDown();\njQuery(subcattarget).slideToggle();\njQuery(this).children('img').attr('src', 'https:\/\/www.neznamo.cz\/genealogie\/wp-content\/plugins\/link-library\/icons\/collapse-32.png');\n}\n});\njQuery('#linklist1 .linklistcatclass').click(function() {\njQuery(this).siblings('.expandlinks').click();\n});\njQuery('#linklist1 .linklistcatnamedesc').click(function() {\njQuery(this).siblings('.expandlinks').click();\n});\n});\n<\/script>\n<\/div><!-- Div Linklist -->\n<!-- End of Link Library Output -->\n\n\n","protected":false},"excerpt":{"rendered":"","protected":false},"author":1,"featured_media":0,"parent":0,"menu_order":0,"comment_status":"closed","ping_status":"closed","template":"","meta":{"footnotes":""},"class_list":["post-104","page","type-page","status-publish","hentry"],"featured_image_urls_v2":{"full":"","thumbnail":"","medium":"","medium_large":"","large":"","1536x1536":"","2048x2048":"","twentyseventeen-featured-image":"","twentyseventeen-thumbnail-avatar":""},"post_excerpt_stackable_v2":"<p>Archivy B\u011bloruska &#8211; genealogie Z\u00e1kladn\u00ed informace o&nbsp;genealogick\u00e9m p\u00e1tr\u00e1n\u00ed na&nbsp;str\u00e1nce hlavn\u00edho b\u011blorusk\u00e9ho archivn\u00edho centra \u0410\u0440\u0445\u0438\u0432\u044b \u0411\u0435\u043b\u0430\u0440\u0443\u0441\u0438. V\u0161e je rusky, angli\u010dtinu jsem nena\u0161la, ale snad se to bude d\u00e1t zvl\u00e1dnout pomoc\u00ed google p\u0159eklada\u010de. Aktualizace: 9.&nbsp;8.&nbsp;2019, 3:19\u00a0 Bavorsko &#8211; Digit\u00e1ln\u00ed archiv arcidiec\u00e9ze Mnichov a&nbsp;Freising Zve\u0159ejn\u011bn\u00e9 digitalizovan\u00e9 materi\u00e1ly, informace o&nbsp;fondech a&nbsp;pom\u016fcky k&nbsp;nim. Nab\u00edz\u00ed angli\u010dtinu, ale stejn\u011b p\u00ed\u0161e jen n\u011bmecky. Aktualizace: 26.&nbsp;7.&nbsp;2019, 19:17\u00a0 Crossborderarchives SK-AT Rakousk\u00fd port\u00e1l pro p\u0159\u00edstup k&nbsp;online informac\u00edm z&nbsp;t\u011bchto archiv\u016f: AMB Arch\u00edv hlavn\u00e9ho mesta SR Bratislavy, EDW Erzdi\u00f6zese Wien (Arcidiec\u00e9za Viede\u0148), N\u00d6LA N\u00d6 Landesarchiv (Dolnorak\u00fasky krajinsk\u00fd arch\u00edv), StAB St\u00e1tny arch\u00edv v&hellip;<\/p>\n","category_list_v2":"","author_info_v2":{"name":"Monika","url":"https:\/\/www.neznamo.cz\/genealogie\/author\/monika\/"},"comments_num_v2":"0 comments","_links":{"self":[{"href":"https:\/\/www.neznamo.cz\/genealogie\/wp-json\/wp\/v2\/pages\/104","targetHints":{"allow":["GET"]}}],"collection":[{"href":"https:\/\/www.neznamo.cz\/genealogie\/wp-json\/wp\/v2\/pages"}],"about":[{"href":"https:\/\/www.neznamo.cz\/genealogie\/wp-json\/wp\/v2\/types\/page"}],"author":[{"embeddable":true,"href":"https:\/\/www.neznamo.cz\/genealogie\/wp-json\/wp\/v2\/users\/1"}],"replies":[{"embeddable":true,"href":"https:\/\/www.neznamo.cz\/genealogie\/wp-json\/wp\/v2\/comments?post=104"}],"version-history":[{"count":0,"href":"https:\/\/www.neznamo.cz\/genealogie\/wp-json\/wp\/v2\/pages\/104\/revisions"}],"wp:attachment":[{"href":"https:\/\/www.neznamo.cz\/genealogie\/wp-json\/wp\/v2\/media?parent=104"}],"curies":[{"name":"wp","href":"https:\/\/api.w.org\/{rel}","templated":true}]}}